CRAN Package Check Results for Package idendr0

Last updated on 2018-07-20 14:49:04 CEST.

Flavor Version Tinstall Tcheck Ttotal Status Flags
r-devel-linux-x86_64-debian-clang 1.5.3 3.50 31.62 35.12 OK
r-devel-linux-x86_64-debian-gcc 1.5.3 3.38 25.25 28.63 OK
r-devel-linux-x86_64-fedora-clang 1.5.3 44.76 OK
r-devel-linux-x86_64-fedora-gcc 1.5.3 39.33 OK
r-devel-windows-ix86+x86_64 1.5.3 7.00 62.00 69.00 OK
r-patched-linux-x86_64 1.5.3 3.67 31.14 34.81 OK
r-patched-solaris-x86 1.5.3 58.80 NOTE
r-release-linux-x86_64 1.5.3 4.04 31.25 35.29 OK
r-release-windows-ix86+x86_64 1.5.3 12.00 74.00 86.00 OK
r-release-osx-x86_64 1.5.3 NOTE
r-oldrel-windows-ix86+x86_64 1.5.3 7.00 39.00 46.00 OK
r-oldrel-osx-x86_64 1.5.3 NOTE

Check Details

Version: 1.5.3
Check: package dependencies
Result: NOTE
    Package suggested but not available for checking: ‘rggobi’
Flavors: r-patched-solaris-x86, r-release-osx-x86_64, r-oldrel-osx-x86_64