CRAN Package Check Results for Package idendr0

Last updated on 2018-10-18 23:48:25 CEST.

Flavor Version Tinstall Tcheck Ttotal Status Flags
r-devel-linux-x86_64-debian-clang 1.5.3 4.37 32.61 36.98 OK
r-devel-linux-x86_64-debian-gcc 1.5.3 3.49 25.83 29.32 OK
r-devel-linux-x86_64-fedora-clang 1.5.3 43.90 OK
r-devel-linux-x86_64-fedora-gcc 1.5.3 42.52 OK
r-devel-windows-ix86+x86_64 1.5.3 9.00 44.00 53.00 OK
r-patched-linux-x86_64 1.5.3 4.12 30.95 35.07 OK
r-patched-solaris-x86 1.5.3 58.30 NOTE
r-release-linux-x86_64 1.5.3 3.74 30.85 34.59 OK
r-release-windows-ix86+x86_64 1.5.3 6.00 67.00 73.00 OK
r-release-osx-x86_64 1.5.3 NOTE
r-oldrel-windows-ix86+x86_64 1.5.3 4.00 52.00 56.00 OK
r-oldrel-osx-x86_64 1.5.3 NOTE

Check Details

Version: 1.5.3
Check: package dependencies
Result: NOTE
    Package suggested but not available for checking: ‘rggobi’
Flavors: r-patched-solaris-x86, r-release-osx-x86_64, r-oldrel-osx-x86_64