CRAN Package Check Results for Package icosa

Last updated on 2019-09-24 10:51:23 CEST.

Flavor Version Tinstall Tcheck Ttotal Status Flags
r-devel-linux-x86_64-debian-clang 0.9.81 55.34 295.34 350.68 WARN
r-devel-linux-x86_64-debian-gcc 0.9.81 43.04 227.03 270.07 OK
r-devel-linux-x86_64-fedora-clang 0.9.81 452.40 WARN
r-devel-linux-x86_64-fedora-gcc 0.9.81 435.26 NOTE
r-devel-windows-ix86+x86_64 0.9.81 148.00 158.00 306.00 NOTE --no-vignettes
r-patched-linux-x86_64 0.9.81 44.88 283.94 328.82 OK
r-patched-solaris-x86 0.9.81 490.10 NOTE
r-release-linux-x86_64 0.9.81 49.44 285.75 335.19 OK
r-release-windows-ix86+x86_64 0.9.81 144.00 225.00 369.00 NOTE --no-vignettes
r-release-osx-x86_64 0.9.81 WARN
r-oldrel-windows-ix86+x86_64 0.9.81 78.00 238.00 316.00 NOTE --no-vignettes
r-oldrel-osx-x86_64 0.9.81 NOTE

Check Details

Version: 0.9.81
Check: whether package can be installed
Result: WARN
    Found the following significant warnings:
     RccpSource_.cpp:978:54: warning: explicitly assigning value of variable of type 'Rcpp::NumericVector' (aka 'Vector<14>') to itself [-Wself-assign-overloaded]
Flavors: r-devel-linux-x86_64-debian-clang, r-devel-linux-x86_64-fedora-clang

Version: 0.9.81
Check: installed package size
Result: NOTE
     installed size is 6.9Mb
     sub-directories of 1Mb or more:
     doc 1.9Mb
     extdata 1.4Mb
     libs 2.8Mb
Flavors: r-devel-linux-x86_64-fedora-clang, r-release-osx-x86_64, r-oldrel-osx-x86_64

Version: 0.9.81
Check: dependencies in R code
Result: NOTE
    Namespace in Imports field not imported from: ‘rgdal’
     All declared Imports should be used.
Flavors: r-devel-linux-x86_64-fedora-clang, r-devel-linux-x86_64-fedora-gcc, r-patched-solaris-x86, r-release-osx-x86_64, r-oldrel-osx-x86_64

Version: 0.9.81
Flags: --no-vignettes
Check: installed package size
Result: NOTE
     installed size is 5.9Mb
     sub-directories of 1Mb or more:
     doc 1.9Mb
     extdata 1.4Mb
     libs 1.9Mb
Flavors: r-devel-windows-ix86+x86_64, r-release-windows-ix86+x86_64, r-oldrel-windows-ix86+x86_64

Version: 0.9.81
Check: whether package can be installed
Result: WARN
    Found the following significant warnings:
     RccpSource_.cpp:978:54: warning: explicitly assigning value of variable of type 'Rcpp::NumericVector' (aka 'Vector<14>') to itself [-Wself-assign-overloaded]
     Warning: 'rgl_init' failed, running with rgl.useNULL = TRUE
Flavor: r-release-osx-x86_64