CRAN Package Check Results for Package iC10

Last updated on 2019-09-21 08:50:12 CEST.

Flavor Version Tinstall Tcheck Ttotal Status Flags
r-devel-linux-x86_64-debian-clang 1.5 6.96 77.23 84.19 OK
r-devel-linux-x86_64-debian-gcc 1.5 5.93 60.07 66.00 OK
r-devel-linux-x86_64-fedora-clang 1.5 105.61 OK
r-devel-linux-x86_64-fedora-gcc 1.5 101.57 OK
r-devel-windows-ix86+x86_64 1.5 17.00 98.00 115.00 OK
r-patched-linux-x86_64 1.5 7.25 74.99 82.24 OK
r-patched-solaris-x86 1.5 173.90 OK
r-release-linux-x86_64 1.5 7.30 75.03 82.33 OK
r-release-windows-ix86+x86_64 1.5 13.00 91.00 104.00 OK
r-release-osx-x86_64 1.5 ERROR
r-oldrel-windows-ix86+x86_64 1.5 9.00 123.00 132.00 OK
r-oldrel-osx-x86_64 1.5 OK

Check Details

Version: 1.5
Check: package dependencies
Result: ERROR
    Package required but not available: ‘impute’
    
    See section ‘The DESCRIPTION file’ in the ‘Writing R Extensions’
    manual.
Flavor: r-release-osx-x86_64