CRAN Package Check Results for Package humanFormat

Last updated on 2020-01-20 22:51:44 CET.

Flavor Version Tinstall Tcheck Ttotal Status Flags
r-devel-linux-x86_64-debian-clang 1.0 2.00 23.52 25.52 NOTE
r-devel-linux-x86_64-debian-gcc 1.0 1.72 18.77 20.49 NOTE
r-devel-linux-x86_64-fedora-clang 1.0 32.36 NOTE
r-devel-linux-x86_64-fedora-gcc 1.0 31.19 NOTE
r-devel-windows-ix86+x86_64 1.0 11.00 36.00 47.00 NOTE
r-devel-windows-ix86+x86_64-gcc8 1.0 6.00 61.00 67.00 NOTE
r-patched-linux-x86_64 1.0 1.45 21.51 22.96 NOTE
r-patched-solaris-x86 1.0 44.70 NOTE
r-release-linux-x86_64 1.0 1.70 21.55 23.25 NOTE
r-release-windows-ix86+x86_64 1.0 5.00 53.00 58.00 NOTE
r-release-osx-x86_64 1.0 NOTE
r-oldrel-windows-ix86+x86_64 1.0 3.00 33.00 36.00 NOTE
r-oldrel-osx-x86_64 1.0 NOTE

Check Details

Version: 1.0
Check: dependencies in R code
Result: NOTE
    Package in Depends field not imported from: 'testthat'
     These packages need to be imported from (in the NAMESPACE file)
     for when this namespace is loaded but not attached.
Flavors: r-devel-linux-x86_64-debian-clang, r-devel-linux-x86_64-debian-gcc, r-devel-linux-x86_64-fedora-clang, r-devel-linux-x86_64-fedora-gcc, r-devel-windows-ix86+x86_64, r-devel-windows-ix86+x86_64-gcc8, r-patched-linux-x86_64, r-patched-solaris-x86, r-release-linux-x86_64, r-release-windows-ix86+x86_64, r-release-osx-x86_64, r-oldrel-windows-ix86+x86_64, r-oldrel-osx-x86_64