CRAN Package Check Results for Package humanFormat

Last updated on 2019-09-15 19:49:03 CEST.

Flavor Version Tinstall Tcheck Ttotal Status Flags
r-devel-linux-x86_64-debian-clang 1.0 1.88 21.52 23.40 NOTE
r-devel-linux-x86_64-debian-gcc 1.0 1.56 17.50 19.06 NOTE
r-devel-linux-x86_64-fedora-clang 1.0 29.30 NOTE
r-devel-linux-x86_64-fedora-gcc 1.0 28.18 NOTE
r-devel-windows-ix86+x86_64 1.0 7.00 33.00 40.00 NOTE
r-patched-linux-x86_64 1.0 1.63 21.39 23.02 NOTE
r-patched-solaris-x86 1.0 45.00 NOTE
r-release-linux-x86_64 1.0 1.71 21.34 23.05 NOTE
r-release-windows-ix86+x86_64 1.0 5.00 50.00 55.00 NOTE
r-release-osx-x86_64 1.0 NOTE
r-oldrel-windows-ix86+x86_64 1.0 4.00 31.00 35.00 NOTE
r-oldrel-osx-x86_64 1.0 NOTE

Check Details

Version: 1.0
Check: dependencies in R code
Result: NOTE
    Package in Depends field not imported from: 'testthat'
     These packages need to be imported from (in the NAMESPACE file)
     for when this namespace is loaded but not attached.
Flavors: r-devel-linux-x86_64-debian-clang, r-devel-linux-x86_64-debian-gcc, r-devel-linux-x86_64-fedora-clang, r-devel-linux-x86_64-fedora-gcc, r-devel-windows-ix86+x86_64, r-patched-linux-x86_64, r-patched-solaris-x86, r-release-linux-x86_64, r-release-windows-ix86+x86_64, r-release-osx-x86_64, r-oldrel-windows-ix86+x86_64, r-oldrel-osx-x86_64