CRAN Package Check Results for Package httr

Last updated on 2019-08-20 09:47:57 CEST.

Flavor Version Tinstall Tcheck Ttotal Status Flags
r-devel-linux-x86_64-debian-clang 1.4.1 6.10 48.69 54.79 OK
r-devel-linux-x86_64-debian-gcc 1.4.1 5.89 39.01 44.90 OK
r-devel-linux-x86_64-fedora-clang 1.4.1 70.94 OK
r-devel-linux-x86_64-fedora-gcc 1.4.1 67.79 OK
r-devel-windows-ix86+x86_64 1.4.1 10.00 118.00 128.00 OK
r-patched-linux-x86_64 1.4.1 6.85 48.92 55.77 OK
r-patched-solaris-x86 1.4.1 80.90 ERROR
r-release-linux-x86_64 1.4.1 6.19 48.84 55.03 OK
r-release-windows-ix86+x86_64 1.4.1 12.00 89.00 101.00 OK
r-release-osx-x86_64 1.4.1 OK
r-oldrel-windows-ix86+x86_64 1.4.1 16.00 104.00 120.00 OK
r-oldrel-osx-x86_64 1.4.1 OK

Check Details

Version: 1.4.1
Check: tests
Result: ERROR
     Running ‘testthat.R’ [3s/56s]
    Running the tests in ‘tests/testthat.R’ failed.
    Complete output:
     > library(testthat)
     > test_check("httr")
     Loading required package: httr
     ── 1. Failure: if request_perform() throws an error, RETRY passes it on (@test-r
     `RETRY(...)` threw an error with unexpected message.
     Expected match: "resolve host"
     Actual message: "Could not resolve: 98d90a2a254647889e2e4c236fb576cd.com (Domain name not found)"
    
     ══ testthat results ═══════════════════════════════════════════════════════════
     [ OK: 158 | SKIPPED: 2 | WARNINGS: 4 | FAILED: 1 ]
     1. Failure: if request_perform() throws an error, RETRY passes it on (@test-retry.R#18)
    
     Error: testthat unit tests failed
     Execution halted
Flavor: r-patched-solaris-x86