CRAN Package Check Results for Package httr

Last updated on 2019-12-16 05:46:32 CET.

Flavor Version Tinstall Tcheck Ttotal Status Flags
r-devel-linux-x86_64-debian-clang 1.4.1 7.02 52.81 59.83 OK
r-devel-linux-x86_64-debian-gcc 1.4.1 6.77 42.36 49.13 OK
r-devel-linux-x86_64-fedora-clang 1.4.1 79.18 OK
r-devel-linux-x86_64-fedora-gcc 1.4.1 75.94 OK
r-devel-windows-ix86+x86_64 1.4.1 12.00 110.00 122.00 OK
r-devel-windows-ix86+x86_64-gcc8 1.4.1 12.00 127.00 139.00 OK
r-patched-linux-x86_64 1.4.1 5.61 49.43 55.04 OK
r-patched-solaris-x86 1.4.1 76.10 ERROR
r-release-linux-x86_64 1.4.1 6.92 49.11 56.03 OK
r-release-windows-ix86+x86_64 1.4.1 12.00 87.00 99.00 OK
r-release-osx-x86_64 1.4.1 OK
r-oldrel-windows-ix86+x86_64 1.4.1 9.00 82.00 91.00 OK
r-oldrel-osx-x86_64 1.4.1 OK

Check Details

Version: 1.4.1
Check: tests
Result: ERROR
     Running ‘testthat.R’ [4s/62s]
    Running the tests in ‘tests/testthat.R’ failed.
    Complete output:
     > library(testthat)
     > test_check("httr")
     Loading required package: httr
     ── 1. Failure: if request_perform() throws an error, RETRY passes it on (@test-r
     `RETRY(...)` threw an error with unexpected message.
     Expected match: "resolve host"
     Actual message: "Could not resolve: 98d90a2a254647889e2e4c236fb576cd.com (Domain name not found)"
     Backtrace:
     1. testthat::expect_error(...)
     6. httr::RETRY(...)
    
     ══ testthat results ═══════════════════════════════════════════════════════════
     [ OK: 158 | SKIPPED: 2 | WARNINGS: 4 | FAILED: 1 ]
     1. Failure: if request_perform() throws an error, RETRY passes it on (@test-retry.R#18)
    
     Error: testthat unit tests failed
     Execution halted
Flavor: r-patched-solaris-x86