CRAN Package Check Results for Package htdp

Last updated on 2019-09-22 17:49:16 CEST.

Flavor Version Tinstall Tcheck Ttotal Status Flags
r-devel-linux-x86_64-debian-clang 0.1.4 28.05 21.06 49.11 OK
r-devel-linux-x86_64-debian-gcc 0.1.4 21.42 17.25 38.67 OK
r-devel-linux-x86_64-fedora-clang 0.1.4 72.45 NOTE
r-devel-linux-x86_64-fedora-gcc 0.1.4 69.41 NOTE
r-devel-windows-ix86+x86_64 0.1.4 130.00 56.00 186.00 NOTE
r-patched-linux-x86_64 0.1.4 26.44 20.59 47.03 OK
r-patched-solaris-x86 0.1.4 76.10 OK
r-release-linux-x86_64 0.1.4 25.89 21.18 47.07 OK
r-release-windows-ix86+x86_64 0.1.4 107.00 54.00 161.00 NOTE
r-release-osx-x86_64 0.1.4 OK
r-oldrel-windows-ix86+x86_64 0.1.4 98.00 49.00 147.00 NOTE
r-oldrel-osx-x86_64 0.1.4 OK

Check Details

Version: 0.1.4
Check: compiled code
Result: NOTE
    File ‘htdp/libs/htdp.so’:
     Found no calls to: ‘R_registerRoutines’, ‘R_useDynamicSymbols’
    
    It is good practice to register native routines and to disable symbol
    search.
    
    See ‘Writing portable packages’ in the ‘Writing R Extensions’ manual.
Flavors: r-devel-linux-x86_64-fedora-clang, r-devel-linux-x86_64-fedora-gcc

Version: 0.1.4
Check: installed package size
Result: NOTE
     installed size is 5.5Mb
     sub-directories of 1Mb or more:
     libs 5.5Mb
Flavors: r-devel-windows-ix86+x86_64, r-release-windows-ix86+x86_64, r-oldrel-windows-ix86+x86_64