CRAN Package Check Results for Package highlight

Last updated on 2019-10-20 21:48:36 CEST.

Flavor Version Tinstall Tcheck Ttotal Status Flags
r-devel-linux-x86_64-debian-clang 0.4.7.2 66.89 24.33 91.22 WARN
r-devel-linux-x86_64-debian-gcc 0.4.7.2 48.13 19.15 67.28 WARN
r-devel-linux-x86_64-fedora-clang 0.4.7.2 153.15 WARN
r-devel-linux-x86_64-fedora-gcc 0.4.7.2 117.15 WARN
r-devel-windows-ix86+x86_64 0.4.7.2 146.00 52.00 198.00 OK
r-patched-linux-x86_64 0.4.7.2 54.33 23.16 77.49 OK
r-patched-solaris-x86 0.4.7.2 173.70 OK
r-release-linux-x86_64 0.4.7.2 54.40 23.34 77.74 OK
r-release-windows-ix86+x86_64 0.4.7.2 108.00 73.00 181.00 OK
r-release-osx-x86_64 0.4.7.2 NOTE
r-oldrel-windows-ix86+x86_64 0.4.7.2 103.00 52.00 155.00 OK
r-oldrel-osx-x86_64 0.4.7.2 NOTE

Check Details

Version: 0.4.7.2
Check: whether package can be installed
Result: WARN
    Found the following significant warnings:
     codegenerator.cpp:464:4: warning: 'auto_ptr<Matcher>' is deprecated [-Wdeprecated-declarations]
     codegenerator.cpp:1742:4: warning: 'auto_ptr<Pattern>' is deprecated [-Wdeprecated-declarations]
     codegenerator.cpp:1743:4: warning: 'auto_ptr<Matcher>' is deprecated [-Wdeprecated-declarations]
     languagedefinition.cpp:100:3: warning: 'auto_ptr<Matcher>' is deprecated [-Wdeprecated-declarations]
Flavors: r-devel-linux-x86_64-debian-clang, r-devel-linux-x86_64-fedora-clang

Version: 0.4.7.2
Check: whether package can be installed
Result: WARN
    Found the following significant warnings:
     codegenerator.cpp:464:4: warning: ‘template<class> class std::auto_ptr’ is deprecated [-Wdeprecated-declarations]
     codegenerator.cpp:1742:4: warning: ‘template<class> class std::auto_ptr’ is deprecated [-Wdeprecated-declarations]
     codegenerator.cpp:1743:4: warning: ‘template<class> class std::auto_ptr’ is deprecated [-Wdeprecated-declarations]
     languagedefinition.cpp:100:3: warning: ‘template<class> class std::auto_ptr’ is deprecated [-Wdeprecated-declarations]
Flavors: r-devel-linux-x86_64-debian-gcc, r-devel-linux-x86_64-fedora-gcc

Version: 0.4.7.2
Check: installed package size
Result: NOTE
     installed size is 9.2Mb
     sub-directories of 1Mb or more:
     highlight 1.1Mb
     libs 7.9Mb
Flavors: r-devel-linux-x86_64-fedora-clang, r-release-osx-x86_64, r-oldrel-osx-x86_64