CRAN Package Check Results for Package hexSticker

Last updated on 2019-07-16 07:50:48 CEST.

Flavor Version Tinstall Tcheck Ttotal Status Flags
r-devel-linux-x86_64-debian-clang 0.4.6 4.23 39.71 43.94 NOTE
r-devel-linux-x86_64-debian-gcc 0.4.6 3.56 30.70 34.26 NOTE
r-devel-linux-x86_64-fedora-clang 0.4.6 54.14 NOTE
r-devel-linux-x86_64-fedora-gcc 0.4.6 62.50 NOTE
r-devel-windows-ix86+x86_64 0.4.6 20.00 74.00 94.00 OK
r-patched-linux-x86_64 0.4.6 4.41 39.29 43.70 OK
r-patched-solaris-x86 0.4.6 86.40 OK
r-release-linux-x86_64 0.4.6 3.92 39.01 42.93 OK
r-release-windows-ix86+x86_64 0.4.6 11.00 84.00 95.00 OK
r-release-osx-x86_64 0.4.6 OK
r-oldrel-windows-ix86+x86_64 0.4.6 16.00 54.00 70.00 OK
r-oldrel-osx-x86_64 0.4.6 OK

Check Details

Version: 0.4.6
Check: for non-standard things in the check directory
Result: NOTE
    Found the following files/directories:
     'hexSticker.png'
Flavors: r-devel-linux-x86_64-debian-clang, r-devel-linux-x86_64-debian-gcc, r-devel-linux-x86_64-fedora-clang, r-devel-linux-x86_64-fedora-gcc