CRAN Package Check Results for Package hetGP

Last updated on 2019-04-19 04:48:54 CEST.

Flavor Version Tinstall Tcheck Ttotal Status Flags
r-devel-linux-x86_64-debian-clang 1.1.1 61.02 139.33 200.35 OK --no-vignettes
r-devel-linux-x86_64-debian-gcc 1.1.1 45.29 100.20 145.49 OK --no-vignettes
r-devel-linux-x86_64-fedora-clang 1.1.1 260.46 OK --no-vignettes
r-devel-linux-x86_64-fedora-gcc 1.1.1 237.31 OK --no-vignettes
r-devel-windows-ix86+x86_64 1.1.1 152.00 193.00 345.00 OK --no-vignettes
r-patched-linux-x86_64 1.1.1 51.49 134.45 185.94 OK --no-vignettes
r-patched-solaris-x86 1.1.1 308.70 OK --no-vignettes
r-release-linux-x86_64 1.1.1 52.58 129.46 182.04 OK --no-vignettes
r-release-windows-ix86+x86_64 1.1.1 105.00 270.00 375.00 OK --no-vignettes
r-release-osx-x86_64 1.1.1 FAIL
r-oldrel-windows-ix86+x86_64 1.1.1 95.00 275.00 370.00 OK --no-vignettes
r-oldrel-osx-x86_64 1.1.1 WARN

Check Details

Version: 1.1.1
Check: re-building of vignette outputs
Result: WARN
    Error in re-building vignettes:
     ...
    
    Execution halted
Flavor: r-release-osx-x86_64

Version: 1.1.1
Check: PDF version of manual
Result: FAIL
    
Flavor: r-release-osx-x86_64

Version: 1.1.1
Check: re-building of vignette outputs
Result: WARN
    Error in re-building vignettes:
     ...
    Quitting from lines 432-440 (hetGP_vignette.Rnw)
    Error: processing vignette 'hetGP_vignette.Rnw' failed with diagnostics:
    invalid 'z' limits
    Execution halted
Flavor: r-oldrel-osx-x86_64