CRAN Package Check Results for Package hetGP

Last updated on 2019-06-15 22:58:43 CEST.

Flavor Version Tinstall Tcheck Ttotal Status Flags
r-devel-linux-x86_64-debian-clang 1.1.1 58.60 136.68 195.28 OK --no-vignettes
r-devel-linux-x86_64-debian-gcc 1.1.1 46.15 99.53 145.68 OK --no-vignettes
r-devel-linux-x86_64-fedora-clang 1.1.1 256.34 OK --no-vignettes
r-devel-linux-x86_64-fedora-gcc 1.1.1 236.16 OK --no-vignettes
r-devel-windows-ix86+x86_64 1.1.1 157.00 223.00 380.00 OK --no-vignettes
r-patched-linux-x86_64 1.1.1 55.45 133.41 188.86 OK --no-vignettes
r-patched-solaris-x86 1.1.1 307.00 OK --no-vignettes
r-release-linux-x86_64 1.1.1 52.23 136.63 188.86 OK --no-vignettes
r-release-windows-ix86+x86_64 1.1.1 111.00 274.00 385.00 OK --no-vignettes
r-release-osx-x86_64 1.1.1 FAIL
r-oldrel-windows-ix86+x86_64 1.1.1 98.00 263.00 361.00 OK --no-vignettes
r-oldrel-osx-x86_64 1.1.1 FAIL

Check Details

Version: 1.1.1
Check: re-building of vignette outputs
Result: FAIL
    
Flavor: r-release-osx-x86_64

Version: 1.1.1
Check: re-building of vignette outputs
Result: WARN
    Error in re-building vignettes:
     ...
    
    Execution halted
Flavor: r-oldrel-osx-x86_64

Version: 1.1.1
Check: PDF version of manual
Result: FAIL
    
Flavor: r-oldrel-osx-x86_64