CRAN Package Check Results for Package gtools

Last updated on 2019-05-21 15:48:37 CEST.

Flavor Version Tinstall Tcheck Ttotal Status Flags
r-devel-linux-x86_64-debian-clang 3.8.1 4.03 102.44 106.47 NOTE
r-devel-linux-x86_64-debian-gcc 3.8.1 3.07 76.46 79.53 NOTE
r-devel-linux-x86_64-fedora-clang 3.8.1 117.27 NOTE
r-devel-linux-x86_64-fedora-gcc 3.8.1 122.05 NOTE
r-devel-windows-ix86+x86_64 3.8.1 21.00 96.00 117.00 NOTE
r-patched-linux-x86_64 3.8.1 4.00 99.83 103.83 NOTE
r-patched-solaris-x86 3.8.1 81.00 NOTE
r-release-linux-x86_64 3.8.1 3.29 99.17 102.46 NOTE
r-release-windows-ix86+x86_64 3.8.1 25.00 68.00 93.00 NOTE
r-release-osx-x86_64 3.8.1 NOTE
r-oldrel-windows-ix86+x86_64 3.8.1 12.00 64.00 76.00 NOTE
r-oldrel-osx-x86_64 3.8.1 NOTE

Check Details

Version: 3.8.1
Check: R code for possible problems
Result: NOTE
    Found the following possibly unsafe calls:
    File 'gtools/R/unByteCode.R':
     unlockBinding(name, env = env)
Flavors: r-devel-linux-x86_64-debian-clang, r-devel-linux-x86_64-debian-gcc, r-devel-linux-x86_64-fedora-clang, r-devel-linux-x86_64-fedora-gcc, r-devel-windows-ix86+x86_64, r-patched-linux-x86_64, r-patched-solaris-x86, r-release-linux-x86_64, r-release-windows-ix86+x86_64, r-release-osx-x86_64, r-oldrel-windows-ix86+x86_64, r-oldrel-osx-x86_64