CRAN Package Check Results for Package gstar

Last updated on 2019-09-20 21:46:26 CEST.

Flavor Version Tinstall Tcheck Ttotal Status Flags
r-devel-linux-x86_64-debian-clang 0.1.0 4.27 38.99 43.26 OK
r-devel-linux-x86_64-debian-gcc 0.1.0 3.88 30.44 34.32 OK
r-devel-linux-x86_64-fedora-clang 0.1.0 52.43 NOTE
r-devel-linux-x86_64-fedora-gcc 0.1.0 50.12 NOTE
r-devel-windows-ix86+x86_64 0.1.0 25.00 54.00 79.00 OK
r-patched-linux-x86_64 0.1.0 4.20 37.39 41.59 OK
r-patched-solaris-x86 0.1.0 80.10 NOTE
r-release-linux-x86_64 0.1.0 4.39 37.46 41.85 OK
r-release-windows-ix86+x86_64 0.1.0 12.00 94.00 106.00 OK
r-release-osx-x86_64 0.1.0 NOTE
r-oldrel-windows-ix86+x86_64 0.1.0 6.00 52.00 58.00 OK
r-oldrel-osx-x86_64 0.1.0 NOTE

Check Details

Version: 0.1.0
Check: dependencies in R code
Result: NOTE
    Namespace in Imports field not imported from: ‘dplyr’
     All declared Imports should be used.
Flavors: r-devel-linux-x86_64-fedora-clang, r-devel-linux-x86_64-fedora-gcc, r-patched-solaris-x86, r-release-osx-x86_64, r-oldrel-osx-x86_64