CRAN Package Check Results for Package gromovlab

Last updated on 2018-07-20 14:49:03 CEST.

Flavor Version Tinstall Tcheck Ttotal Status Flags
r-devel-linux-x86_64-debian-clang 0.7-6 1.93 31.47 33.40 OK
r-devel-linux-x86_64-debian-gcc 0.7-6 1.79 25.32 27.11 OK
r-devel-linux-x86_64-fedora-clang 0.7-6 38.68 OK
r-devel-linux-x86_64-fedora-gcc 0.7-6 36.66 OK
r-devel-windows-ix86+x86_64 0.7-6 5.00 59.00 64.00 OK
r-patched-linux-x86_64 0.7-6 2.07 29.34 31.41 OK
r-patched-solaris-x86 0.7-6 66.60 OK
r-release-linux-x86_64 0.7-6 2.14 28.87 31.01 OK
r-release-windows-ix86+x86_64 0.7-6 7.00 46.00 53.00 OK
r-release-osx-x86_64 0.7-6 ERROR
r-oldrel-windows-ix86+x86_64 0.7-6 7.00 44.00 51.00 OK
r-oldrel-osx-x86_64 0.7-6 ERROR

Check Details

Version: 0.7-6
Check: package dependencies
Result: ERROR
    Package required but not available: ‘glpkAPI’
    
    See section ‘The DESCRIPTION file’ in the ‘Writing R Extensions’
    manual.
Flavors: r-release-osx-x86_64, r-oldrel-osx-x86_64