CRAN Package Check Results for Package gromovlab

Last updated on 2017-12-17 13:48:06 CET.

Flavor Version Tinstall Tcheck Ttotal Status Flags
r-devel-linux-x86_64-debian-clang 0.7-6 1.81 28.45 30.26 OK
r-devel-linux-x86_64-debian-gcc 0.7-6 1.43 23.68 25.11 OK
r-devel-linux-x86_64-fedora-clang 0.7-6 34.54 OK
r-devel-linux-x86_64-fedora-gcc 0.7-6 33.75 OK
r-devel-windows-ix86+x86_64 0.7-6 5.00 44.00 49.00 OK
r-patched-linux-x86_64 0.7-6 1.35 29.80 31.15 OK
r-patched-solaris-x86 0.7-6 60.40 OK
r-release-linux-x86_64 0.7-6 1.49 29.69 31.18 OK
r-release-windows-ix86+x86_64 0.7-6 4.00 43.00 47.00 OK
r-release-osx-x86_64 0.7-6 ERROR
r-oldrel-windows-ix86+x86_64 0.7-6 7.00 47.00 54.00 OK
r-oldrel-osx-x86_64 0.7-6 OK

Check Details

Version: 0.7-6
Check: package dependencies
Result: ERROR
    Package required but not available: ‘glpkAPI’
    
    See section ‘The DESCRIPTION file’ in the ‘Writing R Extensions’
    manual.
Flavor: r-release-osx-x86_64