CRAN Package Check Results for Package gridsampler

Last updated on 2019-10-20 21:48:36 CEST.

Flavor Version Tinstall Tcheck Ttotal Status Flags
r-devel-linux-x86_64-debian-clang 0.6 3.87 79.73 83.60 OK
r-devel-linux-x86_64-debian-gcc 0.6 3.35 57.78 61.13 OK
r-devel-linux-x86_64-fedora-clang 0.6 96.47 NOTE
r-devel-linux-x86_64-fedora-gcc 0.6 95.05 NOTE
r-devel-windows-ix86+x86_64 0.6 14.00 116.00 130.00 OK
r-patched-linux-x86_64 0.6 3.75 75.18 78.93 OK
r-patched-solaris-x86 0.6 149.40 NOTE
r-release-linux-x86_64 0.6 3.78 77.31 81.09 OK
r-release-windows-ix86+x86_64 0.6 22.00 104.00 126.00 OK
r-release-osx-x86_64 0.6 NOTE
r-oldrel-windows-ix86+x86_64 0.6 8.00 83.00 91.00 OK
r-oldrel-osx-x86_64 0.6 NOTE

Check Details

Version: 0.6
Check: dependencies in R code
Result: NOTE
    Namespace in Imports field not imported from: ‘BiasedUrn’
     All declared Imports should be used.
Flavors: r-devel-linux-x86_64-fedora-clang, r-devel-linux-x86_64-fedora-gcc, r-patched-solaris-x86, r-release-osx-x86_64, r-oldrel-osx-x86_64