CRAN Package Check Results for Package grattan

Last updated on 2019-10-20 21:48:36 CEST.

Flavor Version Tinstall Tcheck Ttotal Status Flags
r-devel-linux-x86_64-debian-clang 1.7.1.2 101.53 128.60 230.13 NOTE
r-devel-linux-x86_64-debian-gcc 1.7.1.2 67.47 150.84 218.31 NOTE
r-devel-linux-x86_64-fedora-clang 1.7.1.2 279.91 NOTE
r-devel-linux-x86_64-fedora-gcc 1.7.1.2 265.19 NOTE
r-devel-windows-ix86+x86_64 1.7.1.2 152.00 147.00 299.00 NOTE
r-patched-linux-x86_64 1.7.1.2 66.34 127.79 194.13 NOTE
r-patched-solaris-x86 1.7.1.2 222.20 NOTE
r-release-linux-x86_64 1.7.1.2 72.84 124.93 197.77 NOTE
r-release-windows-ix86+x86_64 1.7.1.2 217.00 212.00 429.00 NOTE
r-release-osx-x86_64 1.7.1.2 NOTE
r-oldrel-windows-ix86+x86_64 1.7.1.2 157.00 143.00 300.00 NOTE
r-oldrel-osx-x86_64 1.7.1.2 NOTE

Check Details

Version: 1.7.1.2
Check: package dependencies
Result: NOTE
    Packages suggested but not available for checking:
     'taxstats', 'taxstats1516'
Flavors: r-devel-linux-x86_64-debian-clang, r-devel-linux-x86_64-debian-gcc, r-devel-linux-x86_64-fedora-clang, r-devel-linux-x86_64-fedora-gcc, r-devel-windows-ix86+x86_64, r-patched-linux-x86_64, r-patched-solaris-x86, r-release-linux-x86_64, r-release-windows-ix86+x86_64, r-release-osx-x86_64

Version: 1.7.1.2
Check: package dependencies
Result: NOTE
    Packages suggested but not available for checking:
     'taxstats' 'taxstats1516'
Flavors: r-oldrel-windows-ix86+x86_64, r-oldrel-osx-x86_64