CRAN Package Check Results for Package gppm

Last updated on 2019-06-15 22:58:42 CEST.

Flavor Version Tinstall Tcheck Ttotal Status Flags
r-devel-linux-x86_64-debian-clang 0.2.0 5.94 311.20 317.14 OK
r-devel-linux-x86_64-debian-gcc 0.2.0 5.44 257.70 263.14 OK
r-devel-linux-x86_64-fedora-clang 0.2.0 363.46 OK
r-devel-linux-x86_64-fedora-gcc 0.2.0 367.09 OK
r-devel-windows-ix86+x86_64 0.2.0 25.00 378.00 403.00 OK
r-patched-linux-x86_64 0.2.0 5.73 318.49 324.22 OK
r-patched-solaris-x86 0.2.0 321.30 WARN
r-release-linux-x86_64 0.2.0 6.32 324.31 330.63 OK
r-release-windows-ix86+x86_64 0.2.0 14.00 366.00 380.00 OK
r-release-osx-x86_64 0.2.0 OK
r-oldrel-windows-ix86+x86_64 0.2.0 10.00 359.00 369.00 OK
r-oldrel-osx-x86_64 0.2.0 OK

Check Details

Version: 0.2.0
Check: loading without being on the library search path
Result: WARN
    Loading required package: Rcpp
    Error: package or namespace load failed for ‘gppm’:
     .onLoad failed in loadNamespace() for 'pillar', details:
     call: utils::packageVersion("vctrs")
     error: there is no package called ‘vctrs’
    Execution halted
    
    It looks like this package has a loading problem when not on .libPaths:
    see the messages for details.
Flavor: r-patched-solaris-x86