CRAN Package Check Results for Package glue

Last updated on 2019-07-16 07:50:47 CEST.

Flavor Version Tinstall Tcheck Ttotal Status Flags
r-devel-linux-x86_64-debian-clang 1.3.1 1.93 29.27 31.20 OK
r-devel-linux-x86_64-debian-gcc 1.3.1 1.94 23.82 25.76 OK
r-devel-linux-x86_64-fedora-clang 1.3.1 39.76 OK
r-devel-linux-x86_64-fedora-gcc 1.3.1 45.57 OK
r-devel-windows-ix86+x86_64 1.3.1 18.00 76.00 94.00 OK
r-patched-linux-x86_64 1.3.1 1.98 29.11 31.09 OK
r-patched-solaris-x86 1.3.1 60.90 OK
r-release-linux-x86_64 1.3.1 1.90 28.85 30.75 OK
r-release-windows-ix86+x86_64 1.3.1 12.00 88.00 100.00 OK
r-release-osx-x86_64 1.3.1 ERROR
r-oldrel-windows-ix86+x86_64 1.3.1 17.00 75.00 92.00 OK
r-oldrel-osx-x86_64 1.3.1 OK

Additional issues

LTO

Check Details

Version: 1.3.1
Check: examples
Result: ERROR
    Running examples in ‘glue-Ex.R’ failed
    The error most likely occurred in:
    
    > ### Name: glue_sql
    > ### Title: Interpolate strings with SQL escaping
    > ### Aliases: glue_sql glue_data_sql
    >
    > ### ** Examples
    >
    > con <- DBI::dbConnect(RSQLite::SQLite(), ":memory:")
    Error in loadNamespace(j <- i[[1L]], c(lib.loc, .libPaths()), versionCheck = vI[[j]]) :
     there is no package called ‘digest’
    Calls: <Anonymous> ... loadNamespace -> withRestarts -> withOneRestart -> doWithOneRestart
    Execution halted
Flavor: r-release-osx-x86_64