CRAN Package Check Results for Package ggsn

Last updated on 2018-12-11 23:05:39 CET.

Flavor Version Tinstall Tcheck Ttotal Status Flags
r-devel-linux-x86_64-debian-clang 0.4.0 2.91 56.04 58.95 OK
r-devel-linux-x86_64-debian-gcc 0.4.0 2.35 44.39 46.74 OK
r-devel-linux-x86_64-fedora-clang 0.4.0 68.52 OK
r-devel-linux-x86_64-fedora-gcc 0.4.0 65.44 OK
r-devel-windows-ix86+x86_64 0.4.0 13.00 84.00 97.00 OK
r-patched-linux-x86_64 0.4.0 2.37 52.35 54.72 NOTE
r-patched-solaris-x86 0.4.0 110.40 OK
r-release-linux-x86_64 0.4.0 2.82 52.87 55.69 NOTE
r-release-windows-ix86+x86_64 0.4.0 10.00 78.00 88.00 OK
r-release-osx-x86_64 0.4.0 OK
r-oldrel-windows-ix86+x86_64 0.4.0 8.00 115.00 123.00 OK
r-oldrel-osx-x86_64 0.4.0 ERROR

Check Details

Version: 0.4.0
Check: DESCRIPTION meta-information
Result: NOTE
    Dependence on R version ‘3.3.1’ not with patchlevel 0
Flavors: r-patched-linux-x86_64, r-release-linux-x86_64

Version: 0.4.0
Check: package dependencies
Result: NOTE
    Package suggested but not available for checking: ‘rgdal’
Flavor: r-oldrel-osx-x86_64

Version: 0.4.0
Check: examples
Result: ERROR
    Running examples in ‘ggsn-Ex.R’ failed
    The error most likely occurred in:
    
    > ### Name: blank
    > ### Title: Blank theme
    > ### Aliases: blank
    >
    > ### ** Examples
    >
    > library(rgdal)
    Error in library(rgdal) : there is no package called ‘rgdal’
    Execution halted
Flavor: r-oldrel-osx-x86_64