CRAN Package Check Results for Package ggfortify

Last updated on 2017-12-15 09:49:01 CET.

Flavor Version Tinstall Tcheck Ttotal Status Flags
r-devel-linux-x86_64-debian-clang 0.4.1 3.32 316.85 320.17 ERROR
r-devel-linux-x86_64-debian-gcc 0.4.1 3.25 270.82 274.07 ERROR
r-devel-linux-x86_64-fedora-clang 0.4.1 394.42 ERROR
r-devel-linux-x86_64-fedora-gcc 0.4.1 394.20 ERROR
r-devel-windows-ix86+x86_64 0.4.1 10.00 343.00 353.00 ERROR
r-patched-linux-x86_64 0.4.1 3.86 367.88 371.74 ERROR
r-patched-solaris-x86 0.4.1 530.80 ERROR
r-release-linux-x86_64 0.4.1 3.18 373.19 376.37 ERROR
r-release-windows-ix86+x86_64 0.4.1 8.00 314.00 322.00 ERROR
r-release-osx-x86_64 0.4.1 NOTE
r-oldrel-windows-ix86+x86_64 0.4.1 8.00 419.00 427.00 ERROR
r-oldrel-osx-x86_64 0.4.1 NOTE

Check Details

Version: 0.4.1
Check: examples
Result: ERROR
    Running examples in ‘ggfortify-Ex.R’ failed
    The error most likely occurred in:
    
    > base::assign(".ptime", proc.time(), pos = "CheckExEnv")
    > ### Name: gglagplot
    > ### Title: Plot time series against lagged versions of themselves
    > ### Aliases: gglagplot
    >
    > ### ** Examples
    >
    > gglagplot(AirPassengers)
    Error: `x` must be a vector, not a ts object, do you want `stats::lag()`?
    Execution halted
Flavors: r-devel-linux-x86_64-debian-clang, r-devel-linux-x86_64-debian-gcc, r-patched-linux-x86_64, r-release-linux-x86_64

Version: 0.4.1
Check: tests
Result: ERROR
     Running ‘test-all.R’ [75s/75s]
    Running the tests in ‘tests/test-all.R’ failed.
    Complete output:
     > library(testthat)
     >
     > test_check('ggfortify')
     Loading required package: ggfortify
     Loading required package: ggplot2
     initial value 7.505733
     final value 7.505688
     converged
     Initial stress : 0.01705
     stress after 10 iters: 0.00951, magic = 0.500
     stress after 20 iters: 0.00941, magic = 0.500
     initial value 7.505733
     final value 7.505688
     converged
     Initial stress : 0.01705
     stress after 10 iters: 0.00951, magic = 0.500
     stress after 20 iters: 0.00941, magic = 0.500
     ── 1. Error: gglagplot (@test-tslib.R#103) ────────────────────────────────────
     `x` must be a vector, not a ts object, do you want `stats::lag()`?
     1: gglagplot(AirPassengers) at testthat/test-tslib.R:103
     2: dplyr::bind_rows(lapply(seq(1:lags), .lag))
     3: flatten_bindable(dots_values(...))
     4: dots_values(...)
     5: map(dots, function(dot) eval_bare(dot$expr, dot$env))
     6: lapply(.x, .f, ...)
     7: FUN(X[[i]], ...)
     8: eval_bare(dot$expr, dot$env)
     9: lapply(seq(1:lags), .lag)
     10: FUN(X[[i]], ...)
     11: as.vector(lag(ts, k))
     12: lag(ts, k)
     13: bad_args("x", "must be a vector, not a ts object, do you want `stats::lag()`?")
     14: glubort(fmt_args(args), ..., .envir = .envir)
     15: .abort(text)
    
     ══ testthat results ═══════════════════════════════════════════════════════════
     OK: 1442 SKIPPED: 9 FAILED: 1
     1. Error: gglagplot (@test-tslib.R#103)
    
     Error: testthat unit tests failed
     Execution halted
Flavor: r-devel-linux-x86_64-debian-clang

Version: 0.4.1
Check: tests
Result: ERROR
     Running ‘test-all.R’ [65s/97s]
    Running the tests in ‘tests/test-all.R’ failed.
    Complete output:
     > library(testthat)
     >
     > test_check('ggfortify')
     Loading required package: ggfortify
     Loading required package: ggplot2
     initial value 7.505733
     final value 7.505688
     converged
     Initial stress : 0.01705
     stress after 10 iters: 0.00951, magic = 0.500
     stress after 20 iters: 0.00941, magic = 0.500
     initial value 7.505733
     final value 7.505688
     converged
     Initial stress : 0.01705
     stress after 10 iters: 0.00951, magic = 0.500
     stress after 20 iters: 0.00941, magic = 0.500
     ── 1. Error: gglagplot (@test-tslib.R#103) ────────────────────────────────────
     `x` must be a vector, not a ts object, do you want `stats::lag()`?
     1: gglagplot(AirPassengers) at testthat/test-tslib.R:103
     2: dplyr::bind_rows(lapply(seq(1:lags), .lag))
     3: flatten_bindable(dots_values(...))
     4: dots_values(...)
     5: map(dots, function(dot) eval_bare(dot$expr, dot$env))
     6: lapply(.x, .f, ...)
     7: FUN(X[[i]], ...)
     8: eval_bare(dot$expr, dot$env)
     9: lapply(seq(1:lags), .lag)
     10: FUN(X[[i]], ...)
     11: as.vector(lag(ts, k))
     12: lag(ts, k)
     13: bad_args("x", "must be a vector, not a ts object, do you want `stats::lag()`?")
     14: glubort(fmt_args(args), ..., .envir = .envir)
     15: .abort(text)
    
     ══ testthat results ═══════════════════════════════════════════════════════════
     OK: 1442 SKIPPED: 9 FAILED: 1
     1. Error: gglagplot (@test-tslib.R#103)
    
     Error: testthat unit tests failed
     Execution halted
Flavor: r-devel-linux-x86_64-debian-gcc

Version: 0.4.1
Check: installed package size
Result: NOTE
     installed size is 5.4Mb
     sub-directories of 1Mb or more:
     doc 5.0Mb
Flavors: r-devel-linux-x86_64-fedora-clang, r-devel-linux-x86_64-fedora-gcc, r-devel-windows-ix86+x86_64, r-patched-solaris-x86, r-release-windows-ix86+x86_64, r-release-osx-x86_64, r-oldrel-windows-ix86+x86_64, r-oldrel-osx-x86_64

Version: 0.4.1
Check: examples
Result: ERROR
    Running examples in ‘ggfortify-Ex.R’ failed
    The error most likely occurred in:
    
    > ### Name: gglagplot
    > ### Title: Plot time series against lagged versions of themselves
    > ### Aliases: gglagplot
    >
    > ### ** Examples
    >
    > gglagplot(AirPassengers)
    Error: `x` must be a vector, not a ts object, do you want `stats::lag()`?
    Execution halted
Flavors: r-devel-linux-x86_64-fedora-clang, r-devel-linux-x86_64-fedora-gcc, r-devel-windows-ix86+x86_64, r-patched-solaris-x86, r-release-windows-ix86+x86_64, r-oldrel-windows-ix86+x86_64

Version: 0.4.1
Check: tests
Result: ERROR
     Running ‘test-all.R’ [96s/120s]
    Running the tests in ‘tests/test-all.R’ failed.
    Complete output:
     > library(testthat)
     >
     > test_check('ggfortify')
     Loading required package: ggfortify
     Loading required package: ggplot2
     initial value 7.505733
     final value 7.505688
     converged
     Initial stress : 0.01705
     stress after 10 iters: 0.00951, magic = 0.500
     stress after 20 iters: 0.00941, magic = 0.500
     initial value 7.505733
     final value 7.505688
     converged
     Initial stress : 0.01705
     stress after 10 iters: 0.00951, magic = 0.500
     stress after 20 iters: 0.00941, magic = 0.500
     ── 1. Error: gglagplot (@test-tslib.R#103) ────────────────────────────────────
     `x` must be a vector, not a ts object, do you want `stats::lag()`?
     1: gglagplot(AirPassengers) at testthat/test-tslib.R:103
     2: dplyr::bind_rows(lapply(seq(1:lags), .lag))
     3: flatten_bindable(dots_values(...))
     4: dots_values(...)
     5: map(dots, function(dot) eval_bare(dot$expr, dot$env))
     6: lapply(.x, .f, ...)
     7: FUN(X[[i]], ...)
     8: eval_bare(dot$expr, dot$env)
     9: lapply(seq(1:lags), .lag)
     10: FUN(X[[i]], ...)
     11: as.vector(lag(ts, k))
     12: lag(ts, k)
     13: bad_args("x", "must be a vector, not a ts object, do you want `stats::lag()`?")
     14: glubort(fmt_args(args), ..., .envir = .envir)
     15: .abort(text)
    
     ══ testthat results ═══════════════════════════════════════════════════════════
     OK: 1442 SKIPPED: 9 FAILED: 1
     1. Error: gglagplot (@test-tslib.R#103)
    
     Error: testthat unit tests failed
     Execution halted
Flavor: r-devel-linux-x86_64-fedora-clang

Version: 0.4.1
Check: tests
Result: ERROR
     Running ‘test-all.R’ [97s/122s]
    Running the tests in ‘tests/test-all.R’ failed.
    Complete output:
     > library(testthat)
     >
     > test_check('ggfortify')
     Loading required package: ggfortify
     Loading required package: ggplot2
     initial value 7.505733
     final value 7.505688
     converged
     Initial stress : 0.01705
     stress after 10 iters: 0.00951, magic = 0.500
     stress after 20 iters: 0.00941, magic = 0.500
     initial value 7.505733
     final value 7.505688
     converged
     Initial stress : 0.01705
     stress after 10 iters: 0.00951, magic = 0.500
     stress after 20 iters: 0.00941, magic = 0.500
     ── 1. Error: gglagplot (@test-tslib.R#103) ────────────────────────────────────
     `x` must be a vector, not a ts object, do you want `stats::lag()`?
     1: gglagplot(AirPassengers) at testthat/test-tslib.R:103
     2: dplyr::bind_rows(lapply(seq(1:lags), .lag))
     3: flatten_bindable(dots_values(...))
     4: dots_values(...)
     5: map(dots, function(dot) eval_bare(dot$expr, dot$env))
     6: lapply(.x, .f, ...)
     7: FUN(X[[i]], ...)
     8: eval_bare(dot$expr, dot$env)
     9: lapply(seq(1:lags), .lag)
     10: FUN(X[[i]], ...)
     11: as.vector(lag(ts, k))
     12: lag(ts, k)
     13: bad_args("x", "must be a vector, not a ts object, do you want `stats::lag()`?")
     14: glubort(fmt_args(args), ..., .envir = .envir)
     15: .abort(text)
    
     ══ testthat results ═══════════════════════════════════════════════════════════
     OK: 1442 SKIPPED: 9 FAILED: 1
     1. Error: gglagplot (@test-tslib.R#103)
    
     Error: testthat unit tests failed
     Execution halted
Flavor: r-devel-linux-x86_64-fedora-gcc

Version: 0.4.1
Check: tests
Result: ERROR
     Running 'test-all.R' [80s]
    Running the tests in 'tests/test-all.R' failed.
    Last 13 lines of output:
     8: eval_bare(dot$expr, dot$env)
     9: lapply(seq(1:lags), .lag)
     10: FUN(X[[i]], ...)
     11: as.vector(lag(ts, k))
     12: lag(ts, k)
     13: bad_args("x", "must be a vector, not a ts object, do you want `stats::lag()`?")
     14: glubort(fmt_args(args), ..., .envir = .envir)
     15: .abort(text)
    
     == testthat results ===========================================================
     OK: 1442 SKIPPED: 9 FAILED: 1
     1. Error: gglagplot (@test-tslib.R#103)
    
     Error: testthat unit tests failed
     Execution halted
Flavor: r-devel-windows-ix86+x86_64

Version: 0.4.1
Check: tests
Result: ERROR
     Running ‘test-all.R’ [92s/121s]
    Running the tests in ‘tests/test-all.R’ failed.
    Complete output:
     > library(testthat)
     >
     > test_check('ggfortify')
     Loading required package: ggfortify
     Loading required package: ggplot2
     initial value 7.505733
     final value 7.505688
     converged
     Initial stress : 0.01705
     stress after 10 iters: 0.00951, magic = 0.500
     stress after 20 iters: 0.00941, magic = 0.500
     initial value 7.505733
     final value 7.505688
     converged
     Initial stress : 0.01705
     stress after 10 iters: 0.00951, magic = 0.500
     stress after 20 iters: 0.00941, magic = 0.500
     ── 1. Error: gglagplot (@test-tslib.R#103) ────────────────────────────────────
     `x` must be a vector, not a ts object, do you want `stats::lag()`?
     1: gglagplot(AirPassengers) at testthat/test-tslib.R:103
     2: dplyr::bind_rows(lapply(seq(1:lags), .lag))
     3: flatten_bindable(dots_values(...))
     4: dots_values(...)
     5: map(dots, function(dot) eval_bare(dot$expr, dot$env))
     6: lapply(.x, .f, ...)
     7: FUN(X[[i]], ...)
     8: eval_bare(dot$expr, dot$env)
     9: lapply(seq(1:lags), .lag)
     10: FUN(X[[i]], ...)
     11: as.vector(lag(ts, k))
     12: lag(ts, k)
     13: bad_args("x", "must be a vector, not a ts object, do you want `stats::lag()`?")
     14: glubort(fmt_args(args), ..., .envir = .envir)
     15: .abort(text)
    
     ══ testthat results ═══════════════════════════════════════════════════════════
     OK: 1442 SKIPPED: 9 FAILED: 1
     1. Error: gglagplot (@test-tslib.R#103)
    
     Error: testthat unit tests failed
     Execution halted
Flavor: r-patched-linux-x86_64

Version: 0.4.1
Check: tests
Result: ERROR
     Running ‘test-all.R’ [131s/188s]
    Running the tests in ‘tests/test-all.R’ failed.
    Complete output:
     > library(testthat)
     >
     > test_check('ggfortify')
     Loading required package: ggfortify
     Loading required package: ggplot2
     initial value 7.505733
     final value 7.505688
     converged
     Initial stress : 0.01705
     stress after 10 iters: 0.00951, magic = 0.500
     stress after 20 iters: 0.00941, magic = 0.500
     initial value 7.505733
     final value 7.505688
     converged
     Initial stress : 0.01705
     stress after 10 iters: 0.00951, magic = 0.500
     stress after 20 iters: 0.00941, magic = 0.500
     ── 1. Error: gglagplot (@test-tslib.R#103) ────────────────────────────────────
     `x` must be a vector, not a ts object, do you want `stats::lag()`?
     1: gglagplot(AirPassengers) at testthat/test-tslib.R:103
     2: dplyr::bind_rows(lapply(seq(1:lags), .lag))
     3: flatten_bindable(dots_values(...))
     4: dots_values(...)
     5: map(dots, function(dot) eval_bare(dot$expr, dot$env))
     6: lapply(.x, .f, ...)
     7: FUN(X[[i]], ...)
     8: eval_bare(dot$expr, dot$env)
     9: lapply(seq(1:lags), .lag)
     10: FUN(X[[i]], ...)
     11: as.vector(lag(ts, k))
     12: lag(ts, k)
     13: bad_args("x", "must be a vector, not a ts object, do you want `stats::lag()`?")
     14: glubort(fmt_args(args), ..., .envir = .envir)
     15: .abort(text)
    
     ══ testthat results ═══════════════════════════════════════════════════════════
     OK: 1442 SKIPPED: 9 FAILED: 1
     1. Error: gglagplot (@test-tslib.R#103)
    
     Error: testthat unit tests failed
     Execution halted
Flavor: r-patched-solaris-x86

Version: 0.4.1
Check: tests
Result: ERROR
     Running ‘test-all.R’ [94s/125s]
    Running the tests in ‘tests/test-all.R’ failed.
    Complete output:
     > library(testthat)
     >
     > test_check('ggfortify')
     Loading required package: ggfortify
     Loading required package: ggplot2
     ── 1. Error: fortify.MSwM works for sample data (@test-MSwM.R#7) ──────────────
     Lapack routine dgesv: system is exactly singular: U[4,4] = 0
     1: MSwM::msmFit(lm(Data ~ . - 1, data = d), k = 2, sw = rep(TRUE, 2), control = list(parallelization = FALSE)) at testthat/test-MSwM.R:7
     2: MSwM::msmFit(lm(Data ~ . - 1, data = d), k = 2, sw = rep(TRUE, 2), control = list(parallelization = FALSE))
     3: em(ans, control)
     4: em(ans, control)
     5: hessian(object)
     6: hessian(object)
     7: diag(solve(res$Hessian))
     8: solve(res$Hessian)
     9: solve.default(res$Hessian)
    
     initial value 7.505733
     final value 7.505688
     converged
     Initial stress : 0.01705
     stress after 10 iters: 0.00951, magic = 0.500
     stress after 20 iters: 0.00941, magic = 0.500
     initial value 7.505733
     final value 7.505688
     converged
     Initial stress : 0.01705
     stress after 10 iters: 0.00951, magic = 0.500
     stress after 20 iters: 0.00941, magic = 0.500
     ── 2. Error: gglagplot (@test-tslib.R#103) ────────────────────────────────────
     `x` must be a vector, not a ts object, do you want `stats::lag()`?
     1: gglagplot(AirPassengers) at testthat/test-tslib.R:103
     2: dplyr::bind_rows(lapply(seq(1:lags), .lag))
     3: flatten_bindable(dots_values(...))
     4: dots_values(...)
     5: map(dots, function(dot) eval_bare(dot$expr, dot$env))
     6: lapply(.x, .f, ...)
     7: FUN(X[[i]], ...)
     8: eval_bare(dot$expr, dot$env)
     9: lapply(seq(1:lags), .lag)
     10: FUN(X[[i]], ...)
     11: as.vector(lag(ts, k))
     12: lag(ts, k)
     13: bad_args("x", "must be a vector, not a ts object, do you want `stats::lag()`?")
     14: glubort(fmt_args(args), ..., .envir = .envir)
     15: .abort(text)
    
     ══ testthat results ═══════════════════════════════════════════════════════════
     OK: 1439 SKIPPED: 9 FAILED: 2
     1. Error: fortify.MSwM works for sample data (@test-MSwM.R#7)
     2. Error: gglagplot (@test-tslib.R#103)
    
     Error: testthat unit tests failed
     Execution halted
Flavor: r-release-linux-x86_64

Version: 0.4.1
Check: tests
Result: ERROR
     Running 'test-all.R' [86s]
    Running the tests in 'tests/test-all.R' failed.
    Last 13 lines of output:
     8: eval_bare(dot$expr, dot$env)
     9: lapply(seq(1:lags), .lag)
     10: FUN(X[[i]], ...)
     11: as.vector(lag(ts, k))
     12: lag(ts, k)
     13: bad_args("x", "must be a vector, not a ts object, do you want `stats::lag()`?")
     14: glubort(fmt_args(args), ..., .envir = .envir)
     15: .abort(text)
    
     testthat results ================================================================
     OK: 1442 SKIPPED: 9 FAILED: 1
     1. Error: gglagplot (@test-tslib.R#103)
    
     Error: testthat unit tests failed
     Execution halted
Flavor: r-release-windows-ix86+x86_64

Version: 0.4.1
Check: tests
Result: ERROR
     Running 'test-all.R' [87s]
    Running the tests in 'tests/test-all.R' failed.
    Last 13 lines of output:
     8: eval_bare(dot$expr, dot$env)
     9: lapply(seq(1:lags), .lag)
     10: FUN(X[[i]], ...)
     11: as.vector(lag(ts, k))
     12: lag(ts, k)
     13: bad_args("x", "must be a vector, not a ts object, do you want `stats::lag()`?")
     14: glubort(fmt_args(args), ..., .envir = .envir)
     15: .abort(text)
    
     testthat results ================================================================
     OK: 1442 SKIPPED: 9 FAILED: 1
     1. Error: gglagplot (@test-tslib.R#103)
    
     Error: testthat unit tests failed
     Execution halted
Flavor: r-oldrel-windows-ix86+x86_64