CRAN Package Check Results for Package getmstatistic

Last updated on 2019-09-24 10:51:21 CEST.

Flavor Version Tinstall Tcheck Ttotal Status Flags
r-devel-linux-x86_64-debian-clang 0.2.0 7.63 122.80 130.43 NOTE
r-devel-linux-x86_64-debian-gcc 0.2.0 5.87 90.04 95.91 NOTE
r-devel-linux-x86_64-fedora-clang 0.2.0 139.93 NOTE
r-devel-linux-x86_64-fedora-gcc 0.2.0 146.03 NOTE
r-devel-windows-ix86+x86_64 0.2.0 15.00 197.00 212.00 OK
r-patched-linux-x86_64 0.2.0 8.53 115.42 123.95 OK
r-patched-solaris-x86 0.2.0 201.10 OK
r-release-linux-x86_64 0.2.0 7.20 116.42 123.62 OK
r-release-windows-ix86+x86_64 0.2.0 12.00 180.00 192.00 OK
r-release-osx-x86_64 0.2.0 OK
r-oldrel-windows-ix86+x86_64 0.2.0 4.00 132.00 136.00 OK
r-oldrel-osx-x86_64 0.2.0 OK

Check Details

Version: 0.2.0
Check: for non-standard things in the check directory
Result: NOTE
    Found the following files/directories:
     'Histogram_Mstatistics_10studies_20snps.tif'
     'Mstatistics_vs_average_variant_effectsize_10studies_20snps.tif'
     'table_underperforming_studies.tif'
Flavors: r-devel-linux-x86_64-debian-clang, r-devel-linux-x86_64-debian-gcc, r-devel-linux-x86_64-fedora-clang, r-devel-linux-x86_64-fedora-gcc