CRAN Package Check Results for Package getCRUCLdata

Last updated on 2019-09-15 13:47:15 CEST.

Flavor Version Tinstall Tcheck Ttotal Status Flags
r-devel-linux-x86_64-debian-clang 0.3.1 2.98 59.32 62.30 OK
r-devel-linux-x86_64-debian-gcc 0.3.1 2.67 44.18 46.85 OK
r-devel-linux-x86_64-fedora-clang 0.3.1 73.64 OK
r-devel-linux-x86_64-fedora-gcc 0.3.1 66.80 OK
r-devel-windows-ix86+x86_64 0.3.1 13.00 68.00 81.00 OK
r-patched-linux-x86_64 0.3.1 2.78 64.28 67.06 OK
r-patched-solaris-x86 0.3.1 125.80 OK
r-release-linux-x86_64 0.3.1 2.68 70.26 72.94 OK
r-release-windows-ix86+x86_64 0.3.1 6.00 68.00 74.00 OK
r-release-osx-x86_64 0.3.1 ERROR
r-oldrel-windows-ix86+x86_64 0.3.1 6.00 72.00 78.00 OK
r-oldrel-osx-x86_64 0.3.1 ERROR

Check Details

Version: 0.3.1
Check: tests
Result: ERROR
     Running ‘testthat.R’ [32s/32s]
    Running the tests in ‘tests/testthat.R’ failed.
    Complete output:
     > library(testthat)
     > library(getCRUCLdata)
     >
     > test_check("getCRUCLdata")
     ── 1. Failure: cache directory is created if necessary (@test_caching.R#29) ───
     dir.exists(manage_cache$cache_path_get()) isn't true.
    
     ══ testthat results ═══════════════════════════════════════════════════════════
     [ OK: 34 | SKIPPED: 23 | WARNINGS: 149 | FAILED: 1 ]
     1. Failure: cache directory is created if necessary (@test_caching.R#29)
    
     Error: testthat unit tests failed
     Execution halted
Flavor: r-release-osx-x86_64

Version: 0.3.1
Check: tests
Result: ERROR
     Running ‘testthat.R’ [35s/34s]
    Running the tests in ‘tests/testthat.R’ failed.
    Complete output:
     > library(testthat)
     > library(getCRUCLdata)
     >
     > test_check("getCRUCLdata")
     ── 1. Failure: cache directory is created if necessary (@test_caching.R#29) ───
     dir.exists(manage_cache$cache_path_get()) isn't true.
    
     ══ testthat results ═══════════════════════════════════════════════════════════
     [ OK: 34 | SKIPPED: 23 | WARNINGS: 149 | FAILED: 1 ]
     1. Failure: cache directory is created if necessary (@test_caching.R#29)
    
     Error: testthat unit tests failed
     Execution halted
Flavor: r-oldrel-osx-x86_64