CRAN Package Check Results for Package getCRUCLdata

Last updated on 2020-01-21 00:54:41 CET.

Flavor Version Tinstall Tcheck Ttotal Status Flags
r-devel-linux-x86_64-debian-clang 0.3.1 3.13 66.89 70.02 OK
r-devel-linux-x86_64-debian-gcc 0.3.1 2.65 46.36 49.01 OK
r-devel-linux-x86_64-fedora-clang 0.3.1 76.67 OK
r-devel-linux-x86_64-fedora-gcc 0.3.1 72.19 OK
r-devel-windows-ix86+x86_64 0.3.1 16.00 95.00 111.00 OK
r-devel-windows-ix86+x86_64-gcc8 0.3.1 10.00 101.00 111.00 OK
r-patched-linux-x86_64 0.3.1 2.65 57.22 59.87 OK
r-patched-solaris-x86 0.3.1 126.70 OK
r-release-linux-x86_64 0.3.1 2.75 62.82 65.57 OK
r-release-windows-ix86+x86_64 0.3.1 7.00 71.00 78.00 OK
r-release-osx-x86_64 0.3.1 ERROR
r-oldrel-windows-ix86+x86_64 0.3.1 5.00 71.00 76.00 OK
r-oldrel-osx-x86_64 0.3.1 ERROR

Check Details

Version: 0.3.1
Check: tests
Result: ERROR
     Running ‘testthat.R’ [33s/32s]
    Running the tests in ‘tests/testthat.R’ failed.
    Complete output:
     > library(testthat)
     > library(getCRUCLdata)
     >
     > test_check("getCRUCLdata")
     ── 1. Failure: cache directory is created if necessary (@test_caching.R#29) ───
     dir.exists(manage_cache$cache_path_get()) isn't true.
    
     ══ testthat results ═══════════════════════════════════════════════════════════
     [ OK: 34 | SKIPPED: 23 | WARNINGS: 1 | FAILED: 1 ]
     1. Failure: cache directory is created if necessary (@test_caching.R#29)
    
     Error: testthat unit tests failed
     Execution halted
Flavor: r-release-osx-x86_64

Version: 0.3.1
Check: tests
Result: ERROR
     Running ‘testthat.R’ [35s/34s]
    Running the tests in ‘tests/testthat.R’ failed.
    Complete output:
     > library(testthat)
     > library(getCRUCLdata)
     >
     > test_check("getCRUCLdata")
     ── 1. Failure: cache directory is created if necessary (@test_caching.R#29) ───
     dir.exists(manage_cache$cache_path_get()) isn't true.
    
     ══ testthat results ═══════════════════════════════════════════════════════════
     [ OK: 34 | SKIPPED: 23 | WARNINGS: 1 | FAILED: 1 ]
     1. Failure: cache directory is created if necessary (@test_caching.R#29)
    
     Error: testthat unit tests failed
     Execution halted
Flavor: r-oldrel-osx-x86_64