CRAN Package Check Results for Package geoops

Last updated on 2019-09-24 10:51:21 CEST.

Flavor Version Tinstall Tcheck Ttotal Status Flags
r-devel-linux-x86_64-debian-clang 0.2.0 164.87 28.24 193.11 OK
r-devel-linux-x86_64-debian-gcc 0.2.0 150.21 22.78 172.99 OK
r-devel-linux-x86_64-fedora-clang 0.2.0 307.89 NOTE
r-devel-linux-x86_64-fedora-gcc 0.2.0 329.26 OK
r-devel-windows-ix86+x86_64 0.2.0 478.00 93.00 571.00 OK
r-patched-linux-x86_64 0.2.0 156.93 27.67 184.60 OK
r-patched-solaris-x86 0.2.0 258.70 OK
r-release-linux-x86_64 0.2.0 160.28 27.76 188.04 OK
r-release-windows-ix86+x86_64 0.2.0 494.00 89.00 583.00 OK
r-release-osx-x86_64 0.2.0 NOTE
r-oldrel-windows-ix86+x86_64 0.2.0 359.00 58.00 417.00 OK
r-oldrel-osx-x86_64 0.2.0 NOTE

Check Details

Version: 0.2.0
Check: installed package size
Result: NOTE
     installed size is 13.0Mb
     sub-directories of 1Mb or more:
     doc 1.0Mb
     libs 11.3Mb
Flavors: r-devel-linux-x86_64-fedora-clang, r-release-osx-x86_64, r-oldrel-osx-x86_64