CRAN Package Check Results for Package geomorph

Last updated on 2019-08-19 01:46:51 CEST.

Flavor Version Tinstall Tcheck Ttotal Status Flags
r-devel-linux-x86_64-debian-clang 3.1.2 14.21 244.33 258.54 NOTE
r-devel-linux-x86_64-debian-gcc 3.1.2 12.02 189.79 201.81 NOTE
r-devel-linux-x86_64-fedora-clang 3.1.2 305.50 NOTE
r-devel-linux-x86_64-fedora-gcc 3.1.2 300.63 NOTE
r-devel-windows-ix86+x86_64 3.1.2 39.00 315.00 354.00 OK
r-patched-linux-x86_64 3.1.2 14.36 239.08 253.44 OK
r-patched-solaris-x86 3.1.2 477.80 OK
r-release-linux-x86_64 3.1.2 14.02 239.08 253.10 OK
r-release-windows-ix86+x86_64 3.1.2 24.00 227.00 251.00 OK
r-release-osx-x86_64 3.1.2 OK
r-oldrel-windows-ix86+x86_64 3.1.2 27.00 305.00 332.00 OK
r-oldrel-osx-x86_64 3.1.2 OK

Check Details

Version: 3.1.2
Check: for non-standard things in the check directory
Result: NOTE
    Found the following files/directories:
     'curveslide.csv'
Flavors: r-devel-linux-x86_64-debian-clang, r-devel-linux-x86_64-debian-gcc, r-devel-linux-x86_64-fedora-clang, r-devel-linux-x86_64-fedora-gcc