CRAN Package Check Results for Package geomedb

Last updated on 2019-09-19 16:47:59 CEST.

Flavor Version Tinstall Tcheck Ttotal Status Flags
r-devel-linux-x86_64-debian-clang 2.0.0 2.01 17.84 19.85 OK
r-devel-linux-x86_64-debian-gcc 2.0.0 1.63 14.50 16.13 OK
r-devel-linux-x86_64-fedora-clang 2.0.0 25.14 NOTE
r-devel-linux-x86_64-fedora-gcc 2.0.0 24.34 NOTE
r-devel-windows-ix86+x86_64 2.0.0 9.00 29.00 38.00 OK
r-patched-linux-x86_64 2.0.0 1.89 17.81 19.70 OK
r-patched-solaris-x86 2.0.0 37.20 NOTE
r-release-linux-x86_64 2.0.0 1.59 17.63 19.22 OK
r-release-windows-ix86+x86_64 2.0.0 4.00 30.00 34.00 OK
r-release-osx-x86_64 2.0.0 NOTE
r-oldrel-windows-ix86+x86_64 2.0.0 2.00 26.00 28.00 OK
r-oldrel-osx-x86_64 2.0.0 NOTE

Check Details

Version: 2.0.0
Check: dependencies in R code
Result: NOTE
    Namespace in Imports field not imported from: ‘data.table’
     All declared Imports should be used.
Flavors: r-devel-linux-x86_64-fedora-clang, r-devel-linux-x86_64-fedora-gcc, r-patched-solaris-x86, r-release-osx-x86_64, r-oldrel-osx-x86_64