CRAN Package Check Results for Package genotypeR

Last updated on 2019-09-19 14:46:47 CEST.

Flavor Version Tinstall Tcheck Ttotal Status Flags
r-devel-linux-x86_64-debian-clang 0.0.1.8 8.06 78.29 86.35 NOTE
r-devel-linux-x86_64-debian-gcc 0.0.1.8 8.02 62.10 70.12 NOTE
r-devel-linux-x86_64-fedora-clang 0.0.1.8 106.70 NOTE
r-devel-linux-x86_64-fedora-gcc 0.0.1.8 103.34 NOTE
r-devel-windows-ix86+x86_64 0.0.1.8 29.00 95.00 124.00 NOTE
r-patched-linux-x86_64 0.0.1.8 8.30 75.63 83.93 OK
r-patched-solaris-x86 0.0.1.8 158.90 NOTE
r-release-linux-x86_64 0.0.1.8 7.98 75.93 83.91 OK
r-release-windows-ix86+x86_64 0.0.1.8 21.00 95.00 116.00 OK
r-release-osx-x86_64 0.0.1.8 NOTE
r-oldrel-windows-ix86+x86_64 0.0.1.8 9.00 81.00 90.00 OK
r-oldrel-osx-x86_64 0.0.1.8 NOTE

Check Details

Version: 0.0.1.8
Check: package vignettes
Result: NOTE
    Package vignette with placeholder title 'Vignette Title':
     'genotypeR.Rmd'
Flavors: r-devel-linux-x86_64-debian-clang, r-devel-linux-x86_64-debian-gcc, r-devel-windows-ix86+x86_64

Version: 0.0.1.8
Check: for non-standard things in the check directory
Result: NOTE
    Found the following files/directories:
     'test.csv' 'test_temp_cross.csv'
Flavors: r-devel-linux-x86_64-debian-clang, r-devel-linux-x86_64-debian-gcc, r-devel-linux-x86_64-fedora-clang, r-devel-linux-x86_64-fedora-gcc

Version: 0.0.1.8
Check: dependencies in R code
Result: NOTE
    Namespace in Imports field not imported from: ‘colorspace’
     All declared Imports should be used.
Flavors: r-devel-linux-x86_64-fedora-clang, r-devel-linux-x86_64-fedora-gcc, r-patched-solaris-x86, r-release-osx-x86_64, r-oldrel-osx-x86_64