CRAN Package Check Results for Package genio

Last updated on 2019-09-15 15:47:23 CEST.

Flavor Version Tinstall Tcheck Ttotal Status Flags
r-devel-linux-x86_64-debian-clang 1.0.10 20.48 45.00 65.48 OK
r-devel-linux-x86_64-debian-gcc 1.0.10 15.56 34.86 50.42 OK
r-devel-linux-x86_64-fedora-clang 1.0.10 87.85 OK
r-devel-linux-x86_64-fedora-gcc 1.0.10 82.71 OK
r-devel-windows-ix86+x86_64 1.0.10 65.00 79.00 144.00 OK
r-patched-linux-x86_64 1.0.10 16.02 42.99 59.01 OK
r-patched-solaris-x86 1.0.10 102.00 OK
r-release-linux-x86_64 1.0.10 17.36 43.26 60.62 OK
r-release-windows-ix86+x86_64 1.0.10 42.00 76.00 118.00 OK
r-release-osx-x86_64 1.0.10 NOTE
r-oldrel-windows-ix86+x86_64 1.0.10 55.00 81.00 136.00 OK
r-oldrel-osx-x86_64 1.0.10 OK

Check Details

Version: 1.0.10
Check: package dependencies
Result: NOTE
    Packages suggested but not available for checking: 'lfa', 'snpStats'
Flavor: r-release-osx-x86_64