CRAN Package Check Results for Package gee

Last updated on 2019-05-21 20:47:23 CEST.

Flavor Version Tinstall Tcheck Ttotal Status Flags
r-devel-linux-x86_64-debian-clang 4.13-19 7.52 20.28 27.80 NOTE
r-devel-linux-x86_64-debian-gcc 4.13-19 2.86 16.32 19.18 NOTE
r-devel-linux-x86_64-fedora-clang 4.13-19 36.72 NOTE
r-devel-linux-x86_64-fedora-gcc 4.13-19 27.71 NOTE
r-devel-windows-ix86+x86_64 4.13-19 12.00 55.00 67.00 OK
r-patched-linux-x86_64 4.13-19 3.64 20.00 23.64 NOTE
r-patched-solaris-x86 4.13-19 45.60 OK
r-release-linux-x86_64 4.13-19 3.54 20.00 23.54 NOTE
r-release-windows-ix86+x86_64 4.13-19 11.00 54.00 65.00 OK
r-release-osx-x86_64 4.13-19 OK
r-oldrel-windows-ix86+x86_64 4.13-19 9.00 41.00 50.00 OK
r-oldrel-osx-x86_64 4.13-19 OK

Check Details

Version: 4.13-19
Check: top-level files
Result: NOTE
    Non-standard files/directories found at top level:
     'README.too' 'blurb'
Flavors: r-devel-linux-x86_64-debian-clang, r-devel-linux-x86_64-debian-gcc, r-devel-linux-x86_64-fedora-clang, r-devel-linux-x86_64-fedora-gcc, r-patched-linux-x86_64, r-release-linux-x86_64