CRAN Package Check Results for Package gee

Last updated on 2019-07-16 07:50:46 CEST.

Flavor Version Tinstall Tcheck Ttotal Status Flags
r-devel-linux-x86_64-debian-clang 4.13-19 8.03 20.59 28.62 NOTE
r-devel-linux-x86_64-debian-gcc 4.13-19 2.86 16.40 19.26 NOTE
r-devel-linux-x86_64-fedora-clang 4.13-19 36.11 NOTE
r-devel-linux-x86_64-fedora-gcc 4.13-19 29.24 NOTE
r-devel-windows-ix86+x86_64 4.13-19 17.00 43.00 60.00 OK
r-patched-linux-x86_64 4.13-19 3.48 19.97 23.45 NOTE
r-patched-solaris-x86 4.13-19 46.80 OK
r-release-linux-x86_64 4.13-19 3.61 19.98 23.59 NOTE
r-release-windows-ix86+x86_64 4.13-19 11.00 52.00 63.00 OK
r-release-osx-x86_64 4.13-19 OK
r-oldrel-windows-ix86+x86_64 4.13-19 25.00 40.00 65.00 OK
r-oldrel-osx-x86_64 4.13-19 OK

Check Details

Version: 4.13-19
Check: top-level files
Result: NOTE
    Non-standard files/directories found at top level:
     'README.too' 'blurb'
Flavors: r-devel-linux-x86_64-debian-clang, r-devel-linux-x86_64-debian-gcc, r-devel-linux-x86_64-fedora-clang, r-devel-linux-x86_64-fedora-gcc, r-patched-linux-x86_64, r-release-linux-x86_64