CRAN Package Check Results for Package gdmp

Last updated on 2019-09-19 14:46:47 CEST.

Flavor Version Tinstall Tcheck Ttotal Status Flags
r-devel-linux-x86_64-debian-clang 0.2.0 4.28 21.23 25.51 OK
r-devel-linux-x86_64-debian-gcc 0.2.0 3.51 17.16 20.67 OK
r-devel-linux-x86_64-fedora-clang 0.2.0 32.53 NOTE
r-devel-linux-x86_64-fedora-gcc 0.2.0 32.03 NOTE
r-devel-windows-ix86+x86_64 0.2.0 25.00 57.00 82.00 OK
r-patched-linux-x86_64 0.2.0 3.82 21.06 24.88 OK
r-patched-solaris-x86 0.2.0 46.90 OK
r-release-linux-x86_64 0.2.0 3.84 21.16 25.00 OK
r-release-windows-ix86+x86_64 0.2.0 16.00 61.00 77.00 OK
r-release-osx-x86_64 0.2.0 OK
r-oldrel-windows-ix86+x86_64 0.2.0 19.00 48.00 67.00 OK
r-oldrel-osx-x86_64 0.2.0 OK

Check Details

Version: 0.2.0
Check: compiled code
Result: NOTE
    File ‘gdmp/libs/gdmp.so’:
     Found no calls to: ‘R_registerRoutines’, ‘R_useDynamicSymbols’
    
    It is good practice to register native routines and to disable symbol
    search.
    
    See ‘Writing portable packages’ in the ‘Writing R Extensions’ manual.
Flavors: r-devel-linux-x86_64-fedora-clang, r-devel-linux-x86_64-fedora-gcc