CRAN Package Check Results for Package gbp

Last updated on 2019-08-19 11:49:03 CEST.

Flavor Version Tinstall Tcheck Ttotal Status Flags
r-devel-linux-x86_64-debian-clang 0.1.0.4 223.43 55.07 278.50 NOTE
r-devel-linux-x86_64-debian-gcc 0.1.0.4 189.99 41.99 231.98 NOTE
r-devel-linux-x86_64-fedora-clang 0.1.0.4 443.66 NOTE
r-devel-linux-x86_64-fedora-gcc 0.1.0.4 438.08 NOTE
r-devel-windows-ix86+x86_64 0.1.0.4 680.00 145.00 825.00 NOTE
r-patched-linux-x86_64 0.1.0.4 206.62 51.73 258.35 NOTE
r-patched-solaris-x86 0.1.0.4 377.90 NOTE
r-release-linux-x86_64 0.1.0.4 207.56 52.12 259.68 NOTE
r-release-windows-ix86+x86_64 0.1.0.4 460.00 92.00 552.00 NOTE
r-release-osx-x86_64 0.1.0.4 NOTE
r-oldrel-windows-ix86+x86_64 0.1.0.4 632.00 130.00 762.00 NOTE
r-oldrel-osx-x86_64 0.1.0.4 NOTE

Check Details

Version: 0.1.0.4
Check: for GNU extensions in Makefiles
Result: NOTE
    GNU make is a SystemRequirements.
Flavors: r-devel-linux-x86_64-debian-clang, r-devel-linux-x86_64-debian-gcc, r-devel-linux-x86_64-fedora-clang, r-devel-linux-x86_64-fedora-gcc, r-devel-windows-ix86+x86_64, r-patched-linux-x86_64, r-patched-solaris-x86, r-release-linux-x86_64, r-release-windows-ix86+x86_64, r-release-osx-x86_64, r-oldrel-windows-ix86+x86_64, r-oldrel-osx-x86_64

Version: 0.1.0.4
Check: installed package size
Result: NOTE
     installed size is 18.2Mb
     sub-directories of 1Mb or more:
     doc 1.2Mb
     libs 16.8Mb
Flavors: r-devel-linux-x86_64-fedora-clang, r-devel-windows-ix86+x86_64, r-release-windows-ix86+x86_64, r-release-osx-x86_64, r-oldrel-windows-ix86+x86_64, r-oldrel-osx-x86_64

Version: 0.1.0.4
Check: compiled code
Result: NOTE
    File ‘gbp/libs/gbp.so’:
     Found no calls to: ‘R_registerRoutines’, ‘R_useDynamicSymbols’
    
    It is good practice to register native routines and to disable symbol
    search.
    
    See ‘Writing portable packages’ in the ‘Writing R Extensions’ manual.
Flavors: r-devel-linux-x86_64-fedora-clang, r-devel-linux-x86_64-fedora-gcc