CRAN Package Check Results for Package gbp

Last updated on 2019-05-22 18:51:42 CEST.

Flavor Version Tinstall Tcheck Ttotal Status Flags
r-devel-linux-x86_64-debian-clang 0.1.0.4 224.58 54.02 278.60 NOTE
r-devel-linux-x86_64-debian-gcc 0.1.0.4 190.17 42.13 232.30 NOTE
r-devel-linux-x86_64-fedora-clang 0.1.0.4 434.81 NOTE
r-devel-linux-x86_64-fedora-gcc 0.1.0.4 400.59 NOTE
r-devel-windows-ix86+x86_64 0.1.0.4 511.00 133.00 644.00 NOTE
r-patched-linux-x86_64 0.1.0.4 224.63 52.48 277.11 NOTE
r-patched-solaris-x86 0.1.0.4 390.20 NOTE
r-release-linux-x86_64 0.1.0.4 221.74 52.29 274.03 NOTE
r-release-windows-ix86+x86_64 0.1.0.4 672.00 148.00 820.00 NOTE
r-release-osx-x86_64 0.1.0.4 NOTE
r-oldrel-windows-ix86+x86_64 0.1.0.4 458.00 99.00 557.00 NOTE
r-oldrel-osx-x86_64 0.1.0.4 NOTE

Check Details

Version: 0.1.0.4
Check: for GNU extensions in Makefiles
Result: NOTE
    GNU make is a SystemRequirements.
Flavors: r-devel-linux-x86_64-debian-clang, r-devel-linux-x86_64-debian-gcc, r-devel-linux-x86_64-fedora-clang, r-devel-linux-x86_64-fedora-gcc, r-devel-windows-ix86+x86_64, r-patched-linux-x86_64, r-patched-solaris-x86, r-release-linux-x86_64, r-release-windows-ix86+x86_64, r-release-osx-x86_64, r-oldrel-windows-ix86+x86_64, r-oldrel-osx-x86_64

Version: 0.1.0.4
Check: installed package size
Result: NOTE
     installed size is 17.1Mb
     sub-directories of 1Mb or more:
     doc 1.2Mb
     libs 15.7Mb
Flavors: r-devel-linux-x86_64-fedora-clang, r-devel-windows-ix86+x86_64, r-release-windows-ix86+x86_64, r-release-osx-x86_64, r-oldrel-windows-ix86+x86_64, r-oldrel-osx-x86_64

Version: 0.1.0.4
Check: compiled code
Result: NOTE
    File ‘gbp/libs/gbp.so’:
     Found no calls to: ‘R_registerRoutines’, ‘R_useDynamicSymbols’
    
    It is good practice to register native routines and to disable symbol
    search.
    
    See ‘Writing portable packages’ in the ‘Writing R Extensions’ manual.
Flavors: r-devel-linux-x86_64-fedora-clang, r-devel-linux-x86_64-fedora-gcc