CRAN Package Check Results for Package g3viz

Last updated on 2019-04-23 07:47:51 CEST.

Flavor Version Tinstall Tcheck Ttotal Status Flags
r-devel-linux-x86_64-debian-clang 1.0.4 4.13 55.66 59.79 OK
r-devel-linux-x86_64-debian-gcc 1.1.0 3.84 41.55 45.39 OK
r-devel-linux-x86_64-fedora-clang 1.1.0 76.66 NOTE
r-devel-linux-x86_64-fedora-gcc 1.1.0 71.07 OK
r-devel-windows-ix86+x86_64 1.1.0 16.00 168.00 184.00 NOTE
r-patched-linux-x86_64 1.1.0 4.70 57.82 62.52 OK
r-patched-solaris-x86 1.1.0 81.00 WARN
r-release-linux-x86_64 1.1.0 2.69 53.14 55.83 OK
r-release-windows-ix86+x86_64 1.1.0 9.00 110.00 119.00 NOTE
r-release-osx-x86_64 1.1.0 WARN
r-oldrel-windows-ix86+x86_64 1.0.4 9.00 145.00 154.00 NOTE
r-oldrel-osx-x86_64 1.0.0 WARN

Check Details

Version: 1.1.0
Check: installed package size
Result: NOTE
     installed size is 10.5Mb
     sub-directories of 1Mb or more:
     doc 9.3Mb
Flavors: r-devel-linux-x86_64-fedora-clang, r-devel-windows-ix86+x86_64, r-patched-solaris-x86, r-release-windows-ix86+x86_64, r-release-osx-x86_64

Version: 1.1.0
Check: re-building of vignette outputs
Result: WARN
    Error(s) in re-building vignettes:
     ...
    --- re-building ‘chart_themes.Rmd’ using rmarkdown
    Warning in engine$weave(file, quiet = quiet, encoding = enc) :
     Pandoc (>= 1.12.3) and/or pandoc-citeproc not available. Falling back to R Markdown v1.
    g3viz: visualizing gene/genome/gentics data for fun.
    Any questions, please send emails to <g3viz.group@gmail.com>
    Please send questions to cbioportal@googlegroups.com
    Quitting from lines 48-58 (chart_themes.Rmd)
    Error: processing vignette 'chart_themes.Rmd' failed with diagnostics:
    cannot open the connection
    --- failed re-building ‘chart_themes.Rmd’
    
    --- re-building ‘introduction.Rmd’ using rmarkdown
    Warning in engine$weave(file, quiet = quiet, encoding = enc) :
     Pandoc (>= 1.12.3) and/or pandoc-citeproc not available. Falling back to R Markdown v1.
    g3viz: visualizing gene/genome/gentics data for fun.
    Any questions, please send emails to <g3viz.group@gmail.com>
    Quitting from lines 103-114 (introduction.Rmd)
    Error: processing vignette 'introduction.Rmd' failed with diagnostics:
    cannot open the connection
    --- failed re-building ‘introduction.Rmd’
    
    SUMMARY: processing the following files failed:
     ‘chart_themes.Rmd’ ‘introduction.Rmd’
    
    Error: Vignette re-building failed.
    Execution halted
Flavor: r-patched-solaris-x86

Version: 1.1.0
Check: re-building of vignette outputs
Result: WARN
    Error in re-building vignettes:
     ...
    Warning in engine$weave(file, quiet = quiet, encoding = enc) :
     Pandoc (>= 1.12.3) and/or pandoc-citeproc not available. Falling back to R Markdown v1.
    g3viz: visualizing gene/genome/gentics data for fun.
    Any questions, please send emails to <g3viz.group@gmail.com>
    Please send questions to cbioportal@googlegroups.com
    Quitting from lines 48-58 (chart_themes.Rmd)
    Error: processing vignette 'chart_themes.Rmd' failed with diagnostics:
    cannot open the connection
    Execution halted
Flavor: r-release-osx-x86_64

Version: 1.0.4
Check: installed package size
Result: NOTE
     installed size is 10.4Mb
     sub-directories of 1Mb or more:
     doc 9.3Mb
Flavor: r-oldrel-windows-ix86+x86_64

Version: 1.0.0
Check: re-building of vignette outputs
Result: WARN
    Error in re-building vignettes:
     ...
    Warning in engine$weave(file, quiet = quiet, encoding = enc) :
     Pandoc (>= 1.12.3) and/or pandoc-citeproc not available. Falling back to R Markdown v1.
    Quitting from lines 105-122 (introduction.Rmd)
    Error: processing vignette 'introduction.Rmd' failed with diagnostics:
    cannot open the connection
    Execution halted
Flavor: r-oldrel-osx-x86_64