CRAN Package Check Results for Package fuzzyjoin

Last updated on 2019-09-15 13:47:14 CEST.

Flavor Version Tinstall Tcheck Ttotal Status Flags
r-devel-linux-x86_64-debian-clang 0.1.5 4.24 331.92 336.16 OK
r-devel-linux-x86_64-debian-gcc 0.1.5 3.70 237.13 240.83 OK
r-devel-linux-x86_64-fedora-clang 0.1.5 464.29 OK
r-devel-linux-x86_64-fedora-gcc 0.1.5 396.96 OK
r-devel-windows-ix86+x86_64 0.1.5 20.00 137.00 157.00 OK
r-patched-linux-x86_64 0.1.5 4.28 298.22 302.50 OK
r-patched-solaris-x86 0.1.5 194.60 OK
r-release-linux-x86_64 0.1.5 4.11 298.75 302.86 OK
r-release-windows-ix86+x86_64 0.1.5 10.00 104.00 114.00 OK
r-release-osx-x86_64 0.1.5 ERROR
r-oldrel-windows-ix86+x86_64 0.1.5 10.00 0.00 10.00 FAIL
r-oldrel-osx-x86_64 0.1.5 OK

Check Details

Version: 0.1.5
Check: package dependencies
Result: NOTE
    Package suggested but not available for checking: ‘IRanges’
Flavor: r-release-osx-x86_64

Version: 0.1.5
Check: Rd cross-references
Result: NOTE
    Package unavailable to check Rd xrefs: ‘IRanges’
Flavor: r-release-osx-x86_64

Version: 0.1.5
Check: tests
Result: ERROR
     Running ‘testthat.R’ [152s/109s]
    Running the tests in ‘tests/testthat.R’ failed.
    Last 13 lines of output:
     > library(testthat)
     > library(fuzzyjoin)
     >
     > test_check("fuzzyjoin")
     ── 1. Failure: genome_join throws an error if not given three columns (@test_gen
     `genome_inner_join(x1, x2, by = c("start", "end"))` threw an error with unexpected message.
     Expected match: "three columns"
     Actual message: "genome_join requires the IRanges package: https://bioconductor.org/packages/release/bioc/html/IRanges.html"
    
     ══ testthat results ═══════════════════════════════════════════════════════════
     [ OK: 230 | SKIPPED: 7 | WARNINGS: 0 | FAILED: 1 ]
     1. Failure: genome_join throws an error if not given three columns (@test_genome_join.R#55)
    
     Error: testthat unit tests failed
     Execution halted
Flavor: r-release-osx-x86_64

Version: 0.1.5
Check: re-building of vignette outputs
Result: FAIL
    Check process probably crashed or hung up for 20 minutes ... killed
    Most likely this happened in the example checks (?),
    if not, ignore the following last lines of example output:
     5 0.290 Prem~ I VS2 62.4 58 334 4.2 4.23 2.63
     6 0.24 Very~ J VVS2 62.8 57 336 3.94 3.96 2.48
     7 0.24 Very~ J VVS2 62.8 57 336 3.94 3.96 2.48
     8 0.24 Very~ I VVS1 62.3 57 336 3.95 3.98 2.47
     9 0.24 Very~ I VVS1 62.3 57 336 3.95 3.98 2.47
    10 0.26 Very~ H SI1 61.9 55 337 4.07 4.11 2.53
    # ... with 74,897 more rows, and 2 more variables: approximate_name <chr>,
    # type <int>
    >
    >
    >
    >
    > ### * <FOOTER>
    > ###
    > cleanEx()
    
    detaching 'package:ggplot2', 'package:dplyr'
    
    > options(digits = 7L)
    > base::cat("Time elapsed: ", proc.time() - base::get("ptime", pos = 'CheckExEnv'),"\n")
    Time elapsed: 17.21 0.81 18.49 NA NA
    > grDevices::dev.off()
    null device
     1
    > ###
    > ### Local variables: ***
    > ### mode: outline-minor ***
    > ### outline-regexp: "\\(> \\)?### [*]+" ***
    > ### End: ***
    > quit('no')
    ======== End of example output (where/before crash/hang up occured ?) ========
Flavor: r-oldrel-windows-ix86+x86_64