CRAN Package Check Results for Package fuzzyFDR

Last updated on 2019-09-19 14:46:47 CEST.

Flavor Version Tinstall Tcheck Ttotal Status Flags
r-devel-linux-x86_64-debian-clang 1.0 2.25 18.51 20.76 NOTE
r-devel-linux-x86_64-debian-gcc 1.0 1.67 15.21 16.88 NOTE
r-devel-linux-x86_64-fedora-clang 1.0 26.25 NOTE
r-devel-linux-x86_64-fedora-gcc 1.0 25.30 NOTE
r-devel-windows-ix86+x86_64 1.0 8.00 41.00 49.00 NOTE
r-patched-linux-x86_64 1.0 1.79 18.70 20.49 NOTE
r-patched-solaris-x86 1.0 39.80 NOTE
r-release-linux-x86_64 1.0 1.54 18.71 20.25 NOTE
r-release-windows-ix86+x86_64 1.0 5.00 50.00 55.00 NOTE
r-release-osx-x86_64 1.0 NOTE
r-oldrel-windows-ix86+x86_64 1.0 2.00 29.00 31.00 NOTE
r-oldrel-osx-x86_64 1.0 NOTE

Check Details

Version: 1.0
Check: R code for possible problems
Result: NOTE
    fuzzyBHexact: warning in round(pvals, d = dp): partial argument match
     of 'd' to 'digits'
    fuzzyBHexact: warning in round(pprev, d = dp): partial argument match
     of 'd' to 'digits'
    fuzzyBHexact: warning in round(p.minus, d = 4): partial argument match
     of 'd' to 'digits'
    fuzzyBHexact: warning in round(p.plus, d = 4): partial argument match
     of 'd' to 'digits'
    fuzzyBHexact: warning in round(a.minus, d = 4): partial argument match
     of 'd' to 'digits'
    fuzzyBHexact: warning in round(a.plus, d = 4): partial argument match
     of 'd' to 'digits'
    fuzzyBHexact: warning in round(new.p.minus, d = 4): partial argument
     match of 'd' to 'digits'
    fuzzyBHexact: warning in round(new.p.plus, d = 4): partial argument
     match of 'd' to 'digits'
    fuzzyBHexact: warning in round(pvals, d = 4): partial argument match of
     'd' to 'digits'
    fuzzyBHexact: warning in round(pprev, d = 4): partial argument match of
     'd' to 'digits'
    fuzzyBHexact: warning in round(tau, d = 4): partial argument match of
     'd' to 'digits'
    probRejTies: no visible binding for global variable 'nn'
    Undefined global functions or variables:
     nn
Flavors: r-devel-linux-x86_64-debian-clang, r-devel-linux-x86_64-debian-gcc, r-devel-linux-x86_64-fedora-clang, r-devel-linux-x86_64-fedora-gcc, r-devel-windows-ix86+x86_64, r-patched-linux-x86_64, r-patched-solaris-x86, r-release-linux-x86_64, r-release-windows-ix86+x86_64, r-release-osx-x86_64, r-oldrel-windows-ix86+x86_64, r-oldrel-osx-x86_64

Version: 1.0
Check: for non-standard things in the check directory
Result: NOTE
    Found the following files/directories:
     'tmp-alloc.R'
Flavors: r-devel-linux-x86_64-debian-clang, r-devel-linux-x86_64-debian-gcc, r-devel-linux-x86_64-fedora-clang, r-devel-linux-x86_64-fedora-gcc