CRAN Package Check Results for Package funrar

Last updated on 2018-02-25 07:47:22 CET.

Flavor Version Tinstall Tcheck Ttotal Status Flags
r-devel-linux-x86_64-debian-clang 1.2.1 2.07 45.90 47.97 ERROR
r-devel-linux-x86_64-debian-gcc 1.2.1 1.93 36.08 38.01 ERROR
r-devel-linux-x86_64-fedora-clang 1.2.1 58.83 ERROR
r-devel-linux-x86_64-fedora-gcc 1.2.1 57.97 ERROR
r-devel-windows-ix86+x86_64 1.2.1 6.00 83.00 89.00 ERROR
r-patched-linux-x86_64 1.2.1 1.84 54.77 56.61 ERROR
r-patched-solaris-x86 1.2.1 82.80 ERROR
r-release-linux-x86_64 1.2.1 1.99 54.48 56.47 ERROR
r-release-windows-ix86+x86_64 1.2.1 8.00 93.00 101.00 ERROR
r-release-osx-x86_64 1.2.1 OK
r-oldrel-windows-ix86+x86_64 1.2.1 4.00 59.00 63.00 ERROR
r-oldrel-osx-x86_64 1.2.0 OK

Check Details

Version: 1.2.1
Check: tests
Result: ERROR
     Running ‘testthat.R’ [3s/5s]
    Running the tests in ‘tests/testthat.R’ failed.
    Complete output:
     > library(testthat)
     > library(funrar)
     >
     > test_check("funrar")
     ── 1. Error: 'distinctiveness_dimensions()' outputs good objects (@test-rarity_d
     bad value
     1: expect_true(di_dim %>% vapply(class, c("char")) %>% =="matrix" %>% all()) at testthat/test-rarity_dimensions.R:42
     2: quasi_label(enquo(object), label)
     3: force(quo)
     4: enquo(object)
    
     ── 2. Error: 'distinctiveness_dimensions()' works with sparse matrices (@test-ra
     bad value
     1: expect_true(sparse_di_dim %>% vapply(class, c("char")) %>% =="dgeMatrix" %>% all()) at testthat/test-rarity_dimensions.R:94
     2: quasi_label(enquo(object), label)
     3: force(quo)
     4: enquo(object)
    
     ══ testthat results ═══════════════════════════════════════════════════════════
     OK: 167 SKIPPED: 0 FAILED: 2
     1. Error: 'distinctiveness_dimensions()' outputs good objects (@test-rarity_dimensions.R#42)
     2. Error: 'distinctiveness_dimensions()' works with sparse matrices (@test-rarity_dimensions.R#94)
    
     Error: testthat unit tests failed
     Execution halted
Flavors: r-devel-linux-x86_64-debian-clang, r-devel-linux-x86_64-debian-gcc

Version: 1.2.1
Check: tests
Result: ERROR
     Running ‘testthat.R’
    Running the tests in ‘tests/testthat.R’ failed.
    Complete output:
     > library(testthat)
     > library(funrar)
     >
     > test_check("funrar")
     ── 1. Error: 'distinctiveness_dimensions()' outputs good objects (@test-rarity_d
     bad value
     1: expect_true(di_dim %>% vapply(class, c("char")) %>% =="matrix" %>% all()) at testthat/test-rarity_dimensions.R:42
     2: quasi_label(enquo(object), label)
     3: force(quo)
     4: enquo(object)
    
     ── 2. Error: 'distinctiveness_dimensions()' works with sparse matrices (@test-ra
     bad value
     1: expect_true(sparse_di_dim %>% vapply(class, c("char")) %>% =="dgeMatrix" %>% all()) at testthat/test-rarity_dimensions.R:94
     2: quasi_label(enquo(object), label)
     3: force(quo)
     4: enquo(object)
    
     ══ testthat results ═══════════════════════════════════════════════════════════
     OK: 167 SKIPPED: 0 FAILED: 2
     1. Error: 'distinctiveness_dimensions()' outputs good objects (@test-rarity_dimensions.R#42)
     2. Error: 'distinctiveness_dimensions()' works with sparse matrices (@test-rarity_dimensions.R#94)
    
     Error: testthat unit tests failed
     Execution halted
Flavors: r-devel-linux-x86_64-fedora-clang, r-devel-linux-x86_64-fedora-gcc, r-patched-solaris-x86

Version: 1.2.1
Check: tests
Result: ERROR
     Running 'testthat.R' [3s]
    Running the tests in 'tests/testthat.R' failed.
    Last 13 lines of output:
    
     -- 2. Error: 'distinctiveness_dimensions()' works with sparse matrices (@test-ra
     bad value
     1: expect_true(sparse_di_dim %>% vapply(class, c("char")) %>% =="dgeMatrix" %>% all()) at testthat/test-rarity_dimensions.R:94
     2: quasi_label(enquo(object), label)
     3: force(quo)
     4: enquo(object)
    
     == testthat results ===========================================================
     OK: 167 SKIPPED: 0 FAILED: 2
     1. Error: 'distinctiveness_dimensions()' outputs good objects (@test-rarity_dimensions.R#42)
     2. Error: 'distinctiveness_dimensions()' works with sparse matrices (@test-rarity_dimensions.R#94)
    
     Error: testthat unit tests failed
     Execution halted
Flavor: r-devel-windows-ix86+x86_64

Version: 1.2.1
Check: tests
Result: ERROR
     Running ‘testthat.R’ [5s/6s]
    Running the tests in ‘tests/testthat.R’ failed.
    Complete output:
     > library(testthat)
     > library(funrar)
     >
     > test_check("funrar")
     ── 1. Error: 'distinctiveness_dimensions()' outputs good objects (@test-rarity_d
     bad value
     1: expect_true(di_dim %>% vapply(class, c("char")) %>% =="matrix" %>% all()) at testthat/test-rarity_dimensions.R:42
     2: quasi_label(enquo(object), label)
     3: force(quo)
     4: enquo(object)
    
     ── 2. Error: 'distinctiveness_dimensions()' works with sparse matrices (@test-ra
     bad value
     1: expect_true(sparse_di_dim %>% vapply(class, c("char")) %>% =="dgeMatrix" %>% all()) at testthat/test-rarity_dimensions.R:94
     2: quasi_label(enquo(object), label)
     3: force(quo)
     4: enquo(object)
    
     ══ testthat results ═══════════════════════════════════════════════════════════
     OK: 167 SKIPPED: 0 FAILED: 2
     1. Error: 'distinctiveness_dimensions()' outputs good objects (@test-rarity_dimensions.R#42)
     2. Error: 'distinctiveness_dimensions()' works with sparse matrices (@test-rarity_dimensions.R#94)
    
     Error: testthat unit tests failed
     Execution halted
Flavors: r-patched-linux-x86_64, r-release-linux-x86_64

Version: 1.2.1
Check: tests
Result: ERROR
     Running 'testthat.R' [7s]
    Running the tests in 'tests/testthat.R' failed.
    Last 13 lines of output:
    
     -- 2. Error: 'distinctiveness_dimensions()' works with sparse matrices (@test-ra
     bad value
     1: expect_true(sparse_di_dim %>% vapply(class, c("char")) %>% =="dgeMatrix" %>% all()) at testthat/test-rarity_dimensions.R:94
     2: quasi_label(enquo(object), label)
     3: force(quo)
     4: enquo(object)
    
     == testthat results ===========================================================
     OK: 167 SKIPPED: 0 FAILED: 2
     1. Error: 'distinctiveness_dimensions()' outputs good objects (@test-rarity_dimensions.R#42)
     2. Error: 'distinctiveness_dimensions()' works with sparse matrices (@test-rarity_dimensions.R#94)
    
     Error: testthat unit tests failed
     Execution halted
Flavor: r-release-windows-ix86+x86_64

Version: 1.2.1
Check: tests
Result: ERROR
     Running 'testthat.R' [4s]
    Running the tests in 'tests/testthat.R' failed.
    Last 13 lines of output:
    
     -- 2. Error: 'distinctiveness_dimensions()' works with sparse matrices (@test-ra
     bad value
     1: expect_true(sparse_di_dim %>% vapply(class, c("char")) %>% =="dgeMatrix" %>% all()) at testthat/test-rarity_dimensions.R:94
     2: quasi_label(enquo(object), label)
     3: force(quo)
     4: enquo(object)
    
     == testthat results ===========================================================
     OK: 167 SKIPPED: 0 FAILED: 2
     1. Error: 'distinctiveness_dimensions()' outputs good objects (@test-rarity_dimensions.R#42)
     2. Error: 'distinctiveness_dimensions()' works with sparse matrices (@test-rarity_dimensions.R#94)
    
     Error: testthat unit tests failed
     Execution halted
Flavor: r-oldrel-windows-ix86+x86_64