CRAN Package Check Results for Package funcy

Last updated on 2018-09-26 08:48:11 CEST.

Flavor Version Tinstall Tcheck Ttotal Status Flags
r-devel-linux-x86_64-debian-clang 1.0.0 38.78 335.24 374.02 OK
r-devel-linux-x86_64-debian-gcc 1.0.0 0.43 1.45 1.88 ERROR
r-devel-linux-x86_64-fedora-clang 1.0.0 420.27 OK
r-devel-linux-x86_64-fedora-gcc 1.0.0 407.20 WARN
r-devel-windows-ix86+x86_64 1.0.0 95.00 658.00 753.00 OK
r-patched-linux-x86_64 1.0.0 31.01 270.82 301.83 WARN
r-patched-solaris-x86 1.0.0 611.10 OK
r-release-linux-x86_64 1.0.0 31.76 295.93 327.69 WARN
r-release-windows-ix86+x86_64 1.0.0 96.00 612.00 708.00 OK
r-release-osx-x86_64 1.0.0 OK
r-oldrel-windows-ix86+x86_64 1.0.0 58.00 659.00 717.00 OK
r-oldrel-osx-x86_64 1.0.0 OK

Check Details

Version: 1.0.0
Check: package dependencies
Result: ERROR
    Package required but not available: ‘car’
    
    See section ‘The DESCRIPTION file’ in the ‘Writing R Extensions’
    manual.
Flavor: r-devel-linux-x86_64-debian-gcc

Version: 1.0.0
Check: whether package can be installed
Result: WARN
    Found the following significant warnings:
     col/../base/ccmem.h:97:19: warning: ‘void* memcpy(void*, const void*, size_t)’ writing to an object of type ‘class String’ with no trivial copy-assignment; use copy-assignment or copy-initialization instead [-Wclass-memaccess]
     col/../base/ccmem.h:295:15: warning: ‘void* memcpy(void*, const void*, size_t)’ writing to an object of type ‘class ArrayList<char>’ with no trivial copy-assignment; use copy-assignment or copy-initialization instead [-Wclass-memaccess]
     col/../base/ccmem.h:296:15: warning: ‘void* memcpy(void*, const void*, size_t)’ writing to an object of type ‘class ArrayList<char>’ with no trivial copy-assignment; use copy-assignment or copy-initialization instead [-Wclass-memaccess]
     col/../base/ccmem.h:97:19: warning: ‘void* memcpy(void*, const void*, size_t)’ writing to an object of type ‘class ArrayList<char>’ with no trivial copy-assignment; use copy-assignment or copy-initialization instead [-Wclass-memaccess]
     col/../base/ccmem.h:178:42: warning: ‘void* memcpy(void*, const void*, size_t)’ writing to an object of type ‘class ArrayList<char>’ with no trivial copy-assignment; use copy-assignment or copy-initialization instead [-Wclass-memaccess]
     col/../base/ccmem.h:231:44: warning: ‘void* realloc(void*, size_t)’ moving an object of non-trivially copyable type ‘class String’; use ‘new’ and ‘delete’ instead [-Wclass-memaccess]
     col/../base/ccmem.h:178:42: warning: ‘void* memcpy(void*, const void*, size_t)’ writing to an object of type ‘class String’ with no trivial copy-assignment; use copy-assignment or copy-initialization instead [-Wclass-memaccess]
     data/../base/ccmem.h:97:19: warning: ‘void* memcpy(void*, const void*, size_t)’ writing to an object of type ‘class String’ with no trivial copy-assignment; use copy-assignment or copy-initialization instead [-Wclass-memaccess]
     data/../base/ccmem.h:295:15: warning: ‘void* memcpy(void*, const void*, size_t)’ writing to an object of type ‘class ArrayList<char>’ with no trivial copy-assignment; use copy-assignment or copy-initialization instead [-Wclass-memaccess]
     data/../base/ccmem.h:296:15: warning: ‘void* memcpy(void*, const void*, size_t)’ writing to an object of type ‘class ArrayList<char>’ with no trivial copy-assignment; use copy-assignment or copy-initialization instead [-Wclass-memaccess]
     data/../base/ccmem.h:97:19: warning: ‘void* memcpy(void*, const void*, size_t)’ writing to an object of type ‘class DatasetFeature’ with no trivial copy-assignment; use copy-assignment or copy-initialization instead [-Wclass-memaccess]
     data/../base/ccmem.h:97:19: warning: ‘void* memcpy(void*, const void*, size_t)’ writing to an object of type ‘class DatasetInfo’ with no trivial copy-assignment; use copy-assignment or copy-initialization instead [-Wclass-memaccess]
     data/../base/ccmem.h:97:19: warning: ‘void* memcpy(void*, const void*, size_t)’ writing to an object of type ‘class Dataset’ with no trivial copy-assignment; use copy-assignment or copy-initialization instead [-Wclass-memaccess]
     data/../base/ccmem.h:97:19: warning: ‘void* memcpy(void*, const void*, size_t)’ writing to an object of type ‘class ArrayList<char>’ with no trivial copy-assignment; use copy-assignment or copy-initialization instead [-Wclass-memaccess]
     data/../base/ccmem.h:178:42: warning: ‘void* memcpy(void*, const void*, size_t)’ writing to an object of type ‘class ArrayList<char>’ with no trivial copy-assignment; use copy-assignment or copy-initialization instead [-Wclass-memaccess]
     data/../base/ccmem.h:97:19: warning: ‘void* memcpy(void*, const void*, size_t)’ writing to an object of type ‘class ArrayList<String>’ with no trivial copy-assignment; use copy-assignment or copy-initialization instead [-Wclass-memaccess]
     data/../base/ccmem.h:97:19: warning: ‘void* memcpy(void*, const void*, size_t)’ writing to an object of type ‘class ArrayList<DatasetFeature>’ with no trivial copy-assignment; use copy-assignment or copy-initialization instead [-Wclass-memaccess]
     data/../base/ccmem.h:97:19: warning: ‘void* memcpy(void*, const void*, size_t)’ writing to an object of type ‘class ArrayList<double>’ with no trivial copy-assignment; use copy-assignment or copy-initialization instead [-Wclass-memaccess]
     data/../base/ccmem.h:97:19: warning: ‘void* memcpy(void*, const void*, size_t)’ writing to an object of type ‘class ArrayList<int>’ with no trivial copy-assignment; use copy-assignment or copy-initialization instead [-Wclass-memaccess]
     data/../base/ccmem.h:231:44: warning: ‘void* realloc(void*, size_t)’ moving an object of non-trivially copyable type ‘class DatasetFeature’; use ‘new’ and ‘delete’ instead [-Wclass-memaccess]
     data/../base/ccmem.h:178:42: warning: ‘void* memcpy(void*, const void*, size_t)’ writing to an object of type ‘class String’ with no trivial copy-assignment; use copy-assignment or copy-initialization instead [-Wclass-memaccess]
     data/../base/ccmem.h:178:42: warning: ‘void* memcpy(void*, const void*, size_t)’ writing to an object of type ‘class DatasetFeature’ with no trivial copy-assignment; use copy-assignment or copy-initialization instead [-Wclass-memaccess]
     data/../base/ccmem.h:178:42: warning: ‘void* memcpy(void*, const void*, size_t)’ writing to an object of type ‘class DatasetInfo’ with no trivial copy-assignment; use copy-assignment or copy-initialization instead [-Wclass-memaccess]
     data/../base/ccmem.h:97:19: warning: ‘void* memcpy(void*, const void*, size_t)’ writing to an object of type ‘class GenMatrix<double>’ with no trivial copy-assignment; use copy-assignment or copy-initialization instead [-Wclass-memaccess]
     data/../base/ccmem.h:178:42: warning: ‘void* memcpy(void*, const void*, size_t)’ writing to an object of type ‘class Dataset’ with no trivial copy-assignment; use copy-assignment or copy-initialization instead [-Wclass-memaccess]
     file/../base/ccmem.h:97:19: warning: ‘void* memcpy(void*, const void*, size_t)’ writing to an object of type ‘class String’ with no trivial copy-assignment; use copy-assignment or copy-initialization instead [-Wclass-memaccess]
     file/../base/ccmem.h:295:15: warning: ‘void* memcpy(void*, const void*, size_t)’ writing to an object of type ‘class ArrayList<char>’ with no trivial copy-assignment; use copy-assignment or copy-initialization instead [-Wclass-memaccess]
     file/../base/ccmem.h:296:15: warning: ‘void* memcpy(void*, const void*, size_t)’ writing to an object of type ‘class ArrayList<char>’ with no trivial copy-assignment; use copy-assignment or copy-initialization instead [-Wclass-memaccess]
     file/../base/ccmem.h:97:19: warning: ‘void* memcpy(void*, const void*, size_t)’ writing to an object of type ‘class ArrayList<char>’ with no trivial copy-assignment; use copy-assignment or copy-initialization instead [-Wclass-memaccess]
     file/../base/ccmem.h:178:42: warning: ‘void* memcpy(void*, const void*, size_t)’ writing to an object of type ‘class ArrayList<char>’ with no trivial copy-assignment; use copy-assignment or copy-initialization instead [-Wclass-memaccess]
     file/../base/ccmem.h:178:42: warning: ‘void* memcpy(void*, const void*, size_t)’ writing to an object of type ‘class String’ with no trivial copy-assignment; use copy-assignment or copy-initialization instead [-Wclass-memaccess]
     la/../base/ccmem.h:97:19: warning: ‘void* memcpy(void*, const void*, size_t)’ writing to an object of type ‘struct DRange’ with no trivial copy-assignment; use copy-assignment or copy-initialization instead [-Wclass-memaccess]
     la/../base/ccmem.h:97:19: warning: ‘void* memcpy(void*, const void*, size_t)’ writing to an object of type ‘class GaussianKernel’ with no trivial copy-assignment; use copy-assignment or copy-initialization instead [-Wclass-memaccess]
     la/../base/ccmem.h:97:19: warning: ‘void* memcpy(void*, const void*, size_t)’ writing to an object of type ‘class GaussianStarKernel’ with no trivial copy-assignment; use copy-assignment or copy-initialization instead [-Wclass-memaccess]
     la/../base/ccmem.h:97:19: warning: ‘void* memcpy(void*, const void*, size_t)’ writing to an object of type ‘class EpanKernel’ with no trivial copy-assignment; use copy-assignment or copy-initialization instead [-Wclass-memaccess]
     la/../base/ccmem.h:178:42: warning: ‘void* memcpy(void*, const void*, size_t)’ writing to an object of type ‘struct DRange’ with no trivial copy-assignment; use copy-assignment or copy-initialization instead [-Wclass-memaccess]
     la/../base/ccmem.h:178:42: warning: ‘void* memcpy(void*, const void*, size_t)’ writing to an object of type ‘class GaussianKernel’ with no trivial copy-assignment; use copy-assignment or copy-initialization instead [-Wclass-memaccess]
     la/../base/ccmem.h:178:42: warning: ‘void* memcpy(void*, const void*, size_t)’ writing to an object of type ‘class GaussianStarKernel’ with no trivial copy-assignment; use copy-assignment or copy-initialization instead [-Wclass-memaccess]
     la/../base/ccmem.h:178:42: warning: ‘void* memcpy(void*, const void*, size_t)’ writing to an object of type ‘class EpanKernel’ with no trivial copy-assignment; use copy-assignment or copy-initialization instead [-Wclass-memaccess]
     ./base/ccmem.h:97:19: warning: ‘void* memcpy(void*, const void*, size_t)’ writing to an object of type ‘struct DRange’ with no trivial copy-assignment; use copy-assignment or copy-initialization instead [-Wclass-memaccess]
     ./base/ccmem.h:97:19: warning: ‘void* memcpy(void*, const void*, size_t)’ writing to an object of type ‘class GaussianKernel’ with no trivial copy-assignment; use copy-assignment or copy-initialization instead [-Wclass-memaccess]
     ./base/ccmem.h:97:19: warning: ‘void* memcpy(void*, const void*, size_t)’ writing to an object of type ‘class GaussianStarKernel’ with no trivial copy-assignment; use copy-assignment or copy-initialization instead [-Wclass-memaccess]
     ./base/ccmem.h:97:19: warning: ‘void* memcpy(void*, const void*, size_t)’ writing to an object of type ‘class EpanKernel’ with no trivial copy-assignment; use copy-assignment or copy-initialization instead [-Wclass-memaccess]
     ./base/ccmem.h:97:19: warning: ‘void* memcpy(void*, const void*, size_t)’ writing to an object of type ‘class String’ with no trivial copy-assignment; use copy-assignment or copy-initialization instead [-Wclass-memaccess]
     ./base/ccmem.h:295:15: warning: ‘void* memcpy(void*, const void*, size_t)’ writing to an object of type ‘class ArrayList<char>’ with no trivial copy-assignment; use copy-assignment or copy-initialization instead [-Wclass-memaccess]
     ./base/ccmem.h:296:15: warning: ‘void* memcpy(void*, const void*, size_t)’ writing to an object of type ‘class ArrayList<char>’ with no trivial copy-assignment; use copy-assignment or copy-initialization instead [-Wclass-memaccess]
     ./base/ccmem.h:97:19: warning: ‘void* memcpy(void*, const void*, size_t)’ writing to an object of type ‘class DatasetFeature’ with no trivial copy-assignment; use copy-assignment or copy-initialization instead [-Wclass-memaccess]
     ./base/ccmem.h:97:19: warning: ‘void* memcpy(void*, const void*, size_t)’ writing to an object of type ‘class DatasetInfo’ with no trivial copy-assignment; use copy-assignment or copy-initialization instead [-Wclass-memaccess]
     ./base/ccmem.h:97:19: warning: ‘void* memcpy(void*, const void*, size_t)’ writing to an object of type ‘class Dataset’ with no trivial copy-assignment; use copy-assignment or copy-initialization instead [-Wclass-memaccess]
     ./base/ccmem.h:97:19: warning: ‘void* memcpy(void*, const void*, size_t)’ writing to an object of type ‘class ArrayList<char>’ with no trivial copy-assignment; use copy-assignment or copy-initialization instead [-Wclass-memaccess]
     ./base/ccmem.h:178:42: warning: ‘void* memcpy(void*, const void*, size_t)’ writing to an object of type ‘class ArrayList<char>’ with no trivial copy-assignment; use copy-assignment or copy-initialization instead [-Wclass-memaccess]
     ./base/ccmem.h:97:19: warning: ‘void* memcpy(void*, const void*, size_t)’ writing to an object of type ‘class ArrayList<String>’ with no trivial copy-assignment; use copy-assignment or copy-initialization instead [-Wclass-memaccess]
     ./base/ccmem.h:97:19: warning: ‘void* memcpy(void*, const void*, size_t)’ writing to an object of type ‘class ArrayList<DatasetFeature>’ with no trivial copy-assignment; use copy-assignment or copy-initialization instead [-Wclass-memaccess]
     ./base/ccmem.h:178:42: warning: ‘void* memcpy(void*, const void*, size_t)’ writing to an object of type ‘struct DRange’ with no trivial copy-assignment; use copy-assignment or copy-initialization instead [-Wclass-memaccess]
     ./base/ccmem.h:178:42: warning: ‘void* memcpy(void*, const void*, size_t)’ writing to an object of type ‘class GaussianKernel’ with no trivial copy-assignment; use copy-assignment or copy-initialization instead [-Wclass-memaccess]
     ./base/ccmem.h:178:42: warning: ‘void* memcpy(void*, const void*, size_t)’ writing to an object of type ‘class GaussianStarKernel’ with no trivial copy-assignment; use copy-assignment or copy-initialization instead [-Wclass-memaccess]
     ./base/ccmem.h:178:42: warning: ‘void* memcpy(void*, const void*, size_t)’ writing to an object of type ‘class EpanKernel’ with no trivial copy-assignment; use copy-assignment or copy-initialization instead [-Wclass-memaccess]
     ./base/ccmem.h:178:42: warning: ‘void* memcpy(void*, const void*, size_t)’ writing to an object of type ‘class String’ with no trivial copy-assignment; use copy-assignment or copy-initialization instead [-Wclass-memaccess]
     ./base/ccmem.h:178:42: warning: ‘void* memcpy(void*, const void*, size_t)’ writing to an object of type ‘class DatasetFeature’ with no trivial copy-assignment; use copy-assignment or copy-initialization instead [-Wclass-memaccess]
     ./base/ccmem.h:178:42: warning: ‘void* memcpy(void*, const void*, size_t)’ writing to an object of type ‘class DatasetInfo’ with no trivial copy-assignment; use copy-assignment or copy-initialization instead [-Wclass-memaccess]
     ./base/ccmem.h:97:19: warning: ‘void* memcpy(void*, const void*, size_t)’ writing to an object of type ‘class GenMatrix<double>’ with no trivial copy-assignment; use copy-assignment or copy-initialization instead [-Wclass-memaccess]
     ./base/ccmem.h:178:42: warning: ‘void* memcpy(void*, const void*, size_t)’ writing to an object of type ‘class Dataset’ with no trivial copy-assignment; use copy-assignment or copy-initialization instead [-Wclass-memaccess]
Flavors: r-devel-linux-x86_64-fedora-gcc, r-patched-linux-x86_64, r-release-linux-x86_64