CRAN Package Check Results for Package funcy

Last updated on 2017-12-11 12:47:53 CET.

Flavor Version Tinstall Tcheck Ttotal Status Flags
r-devel-linux-x86_64-debian-clang 0.8.6 17.48 252.09 269.57 NOTE
r-devel-linux-x86_64-debian-gcc 0.8.6 14.51 213.74 228.25 NOTE
r-devel-linux-x86_64-fedora-clang 0.8.6 381.06 NOTE
r-devel-linux-x86_64-fedora-gcc 0.8.6 259.81 WARN
r-devel-windows-ix86+x86_64 0.8.6 84.00 474.00 558.00 OK
r-patched-linux-x86_64 0.8.6 18.51 269.61 288.12 NOTE
r-patched-solaris-x86 0.8.6 622.00 OK
r-release-linux-x86_64 0.8.6 18.50 271.89 290.39 NOTE
r-release-windows-ix86+x86_64 0.8.6 59.00 496.00 555.00 OK
r-release-osx-x86_64 0.8.6 OK
r-oldrel-windows-ix86+x86_64 0.8.6 58.00 586.00 644.00 OK
r-oldrel-osx-x86_64 0.8.6 OK

Check Details

Version: 0.8.6
Check: compiled code
Result: NOTE
    File ‘funcy/libs/funcy.so’:
     Found no calls to: ‘R_registerRoutines’, ‘R_useDynamicSymbols’
    
    It is good practice to register native routines and to disable symbol
    search.
    
    See ‘Writing portable packages’ in the ‘Writing R Extensions’ manual.
Flavors: r-devel-linux-x86_64-debian-clang, r-devel-linux-x86_64-debian-gcc, r-devel-linux-x86_64-fedora-clang, r-devel-linux-x86_64-fedora-gcc, r-patched-linux-x86_64, r-release-linux-x86_64

Version: 0.8.6
Check: pragmas in C/C++ headers and code
Result: WARN
    File which contain pragma(s) suppressing diagnostics:
     src/base/common.h
Flavor: r-devel-linux-x86_64-fedora-gcc