CRAN Package Check Results for Package funcy

Last updated on 2018-02-25 07:47:22 CET.

Flavor Version Tinstall Tcheck Ttotal Status Flags
r-devel-linux-x86_64-debian-clang 0.8.6 31.25 279.32 310.57 NOTE
r-devel-linux-x86_64-debian-gcc 0.8.6 25.12 222.16 247.28 NOTE
r-devel-linux-x86_64-fedora-clang 0.8.6 388.32 NOTE
r-devel-linux-x86_64-fedora-gcc 0.8.6 397.74 NOTE
r-devel-windows-ix86+x86_64 0.8.6 89.00 532.00 621.00 NOTE
r-patched-linux-x86_64 0.8.6 20.85 264.81 285.66 NOTE
r-patched-solaris-x86 0.8.6 557.60 OK
r-release-linux-x86_64 0.8.6 19.23 264.30 283.53 NOTE
r-release-windows-ix86+x86_64 0.8.6 76.00 593.00 669.00 OK
r-release-osx-x86_64 0.8.6 OK
r-oldrel-windows-ix86+x86_64 0.8.6 54.00 583.00 637.00 OK
r-oldrel-osx-x86_64 0.8.6 OK

Check Details

Version: 0.8.6
Check: pragmas in C/C++ headers and code
Result: NOTE
    File which contains pragma(s) suppressing diagnostics:
     ‘src/base/common.h’
Flavors: r-devel-linux-x86_64-debian-clang, r-devel-linux-x86_64-debian-gcc, r-devel-linux-x86_64-fedora-clang, r-devel-linux-x86_64-fedora-gcc, r-devel-windows-ix86+x86_64

Version: 0.8.6
Check: compiled code
Result: NOTE
    File ‘funcy/libs/funcy.so’:
     Found no calls to: ‘R_registerRoutines’, ‘R_useDynamicSymbols’
    
    It is good practice to register native routines and to disable symbol
    search.
    
    See ‘Writing portable packages’ in the ‘Writing R Extensions’ manual.
Flavors: r-devel-linux-x86_64-debian-clang, r-devel-linux-x86_64-debian-gcc, r-devel-linux-x86_64-fedora-clang, r-devel-linux-x86_64-fedora-gcc, r-patched-linux-x86_64, r-release-linux-x86_64