CRAN Package Check Results for Package funcy

Last updated on 2018-06-18 21:47:38 CEST.

Flavor Version Tinstall Tcheck Ttotal Status Flags
r-release-osx-x86_64 0.8.6 ERROR
r-oldrel-osx-x86_64 0.8.6 OK

Check Details

Version: 0.8.6
Check: examples
Result: ERROR
    Running examples in ‘funcy-Ex.R’ failed
    The error most likely occurred in:
    
    > ### Name: funcyOutList-class
    > ### Title: Class '"funcyOutList"'
    > ### Aliases: funcyOutList-class funcyOutList
    > ### Keywords: classes
    >
    > ### ** Examples
    >
    > set.seed(2808)
    > ds <- sampleFuncy(obsNr=30, k=4, timeNr=7)
    > data <- Data(ds)
    > clusters <- Cluster(ds)
    >
    > res <- funcit(data=data, clusters=clusters, seed=2808,
    + methods=1:5, k=4, parallel=TRUE)
    Warning in funclustWrapper(data = data, k = k, reg = reg, regTime = regTime, :
     It is not possible to set a seed for method funclust.
    4 :Loading required namespace: funHDDC
     * *4 : * * *Warning in funHDDCWrapper(data = data, k = k, reg = reg, regTime = regTime, :
     Clustering with 4 classes is not possible. 3 clusters are used!
     *Warning in funHDDCWrapper(data, k, reg, regTime, funcyCtrlMbc, model = "AkBkQkDk", :
     Clustering with 3 classes is not possible. 2 clusters are used!
    
    Warning in funHDDCWrapper(data, k, reg, regTime, funcyCtrlMbc, model = "AkBkQkDk", :
     Clustering with 2 classes is not possible. 1 clusters are used!
    Warning in Funclustering::funclust(fd = fd, K = k, thd = thd, increaseDimension = increaseDimension, :
     Convergence of the algorithm to a solution with at least one empty cluster.
     Restart or a choose a smaller value for K = 4
    Warning in funHDDCWrapper(data, k, reg, regTime, funcyCtrlMbc, model = "AkBkQkDk", :
     Clustering with 1 classes is not possible. 0 clusters are used!
    
    Error in funcit(data = data, clusters = clusters, seed = 2808, methods = 1:5, :
     Method funHDDC : Clustering for this data not possible.
    Execution halted
Flavor: r-release-osx-x86_64

Version: 0.8.6
Check: tests
Result: ERROR
     Running ‘testMethods.R’ [52s/57s]
    Running the tests in ‘tests/testMethods.R’ failed.
    Last 13 lines of output:
     + }
     Loading required package: flexclust
     Loading required package: grid
     Loading required package: lattice
     Loading required package: modeltools
     Loading required package: stats4
     Loading required package: splines
     Loading required namespace: Funclustering
     Loading required namespace: funHDDC
     5 : * *5 : * * * *
     5 : * * *
    
     Error in funcit(methods = methods, data = ds@data, k = k, clusters = ds@clusters, :
     Method funHDDC : Clustering for this data not possible.
     Execution halted
Flavor: r-release-osx-x86_64