CRAN Package Check Results for Package funHDDC

Last updated on 2017-12-13 10:46:51 CET.

Flavor Version Tinstall Tcheck Ttotal Status Flags
r-devel-linux-x86_64-debian-clang 1.0 2.89 44.84 47.73 NOTE
r-devel-linux-x86_64-debian-gcc 1.0 2.53 36.57 39.10 NOTE
r-devel-linux-x86_64-fedora-clang 1.0 63.78 NOTE
r-devel-linux-x86_64-fedora-gcc 1.0 63.20 NOTE
r-devel-windows-ix86+x86_64 1.0 8.00 56.00 64.00 NOTE
r-patched-linux-x86_64 1.0 3.05 49.35 52.40 NOTE
r-patched-solaris-x86 1.0 104.30 NOTE
r-release-linux-x86_64 1.0 3.35 49.39 52.74 NOTE
r-release-windows-ix86+x86_64 1.0 6.00 67.00 73.00 NOTE
r-release-osx-x86_64 1.0 NOTE
r-oldrel-windows-ix86+x86_64 1.0 6.00 65.00 71.00 NOTE
r-oldrel-osx-x86_64 1.0 NOTE

Check Details

Version: 1.0
Check: R code for possible problems
Result: NOTE
    funHDDC: no visible global function definition for ‘kmeans’
    funHDDC: no visible global function definition for ‘rmultinom’
    funHDDC: no visible global function definition for ‘cutree’
    funHDDC: no visible global function definition for ‘hclust’
    funHDDC: no visible global function definition for ‘dist’
    Undefined global functions or variables:
     cutree dist hclust kmeans rmultinom
    Consider adding
     importFrom("stats", "cutree", "dist", "hclust", "kmeans", "rmultinom")
    to your NAMESPACE file.
Flavors: r-devel-linux-x86_64-debian-clang, r-devel-linux-x86_64-debian-gcc, r-devel-linux-x86_64-fedora-clang, r-devel-linux-x86_64-fedora-gcc, r-devel-windows-ix86+x86_64, r-patched-linux-x86_64, r-patched-solaris-x86, r-release-linux-x86_64, r-release-windows-ix86+x86_64, r-release-osx-x86_64, r-oldrel-windows-ix86+x86_64, r-oldrel-osx-x86_64