CRAN Package Check Results for Package frailtypack

Last updated on 2018-07-21 04:50:27 CEST.

Flavor Version Tinstall Tcheck Ttotal Status Flags
r-devel-linux-x86_64-debian-clang 2.12.6 121.67 147.89 269.56 OK
r-devel-linux-x86_64-debian-gcc 2.12.6 117.35 114.70 232.05 OK
r-devel-linux-x86_64-fedora-clang 2.12.6 383.41 NOTE
r-devel-linux-x86_64-fedora-gcc 2.12.6 375.31 OK
r-devel-windows-ix86+x86_64 2.12.6 484.00 192.00 676.00 NOTE
r-patched-linux-x86_64 2.12.6 OK
r-patched-solaris-x86 2.12.6 659.50 NOTE
r-release-linux-x86_64 2.12.6 124.55 142.60 267.15 OK
r-release-windows-ix86+x86_64 2.12.6 408.00 228.00 636.00 NOTE
r-release-osx-x86_64 2.12.6 NOTE
r-oldrel-windows-ix86+x86_64 2.12.6 289.00 241.00 530.00 OK
r-oldrel-osx-x86_64 2.12.6 OK

Check Details

Version: 2.12.6
Check: installed package size
Result: NOTE
     installed size is 5.8Mb
     sub-directories of 1Mb or more:
     libs 4.4Mb
Flavors: r-devel-linux-x86_64-fedora-clang, r-devel-windows-ix86+x86_64, r-patched-solaris-x86, r-release-windows-ix86+x86_64, r-release-osx-x86_64