CRAN Package Check Results for Package frailtypack

Last updated on 2018-01-22 14:46:32 CET.

Flavor Version Tinstall Tcheck Ttotal Status Flags
r-devel-linux-x86_64-debian-clang 2.12.6 107.61 126.00 233.61 OK
r-devel-linux-x86_64-debian-gcc 2.12.6 93.01 110.31 203.32 OK
r-devel-linux-x86_64-fedora-clang 2.12.6 322.74 NOTE
r-devel-linux-x86_64-fedora-gcc 2.12.6 307.63 NOTE
r-devel-windows-ix86+x86_64 2.12.6 471.00 201.00 672.00 NOTE
r-patched-linux-x86_64 2.12.6 103.79 148.27 252.06 OK
r-patched-solaris-x86 2.12.6 694.90 NOTE
r-release-linux-x86_64 2.12.6 103.48 148.91 252.39 OK
r-release-windows-ix86+x86_64 2.12.6 354.00 175.00 529.00 OK
r-release-osx-x86_64 2.12.6 OK
r-oldrel-windows-ix86+x86_64 2.12.6 360.00 175.00 535.00 OK
r-oldrel-osx-x86_64 2.12.6 OK

Check Details

Version: 2.12.6
Check: installed package size
Result: NOTE
     installed size is 5.0Mb
     sub-directories of 1Mb or more:
     libs 4.2Mb
Flavors: r-devel-linux-x86_64-fedora-clang, r-devel-linux-x86_64-fedora-gcc, r-devel-windows-ix86+x86_64, r-patched-solaris-x86