CRAN Package Check Results for Package frailtypack

Last updated on 2018-10-18 23:48:22 CEST.

Flavor Version Tinstall Tcheck Ttotal Status Flags
r-devel-linux-x86_64-debian-clang 2.13.2 147.19 152.15 299.34 OK
r-devel-linux-x86_64-debian-gcc 2.13.2 130.78 119.31 250.09 OK
r-devel-linux-x86_64-fedora-clang 2.13.2 392.06 NOTE
r-devel-linux-x86_64-fedora-gcc 2.13.2 383.81 OK
r-devel-windows-ix86+x86_64 2.13.2 635.00 262.00 897.00 NOTE
r-patched-linux-x86_64 2.13.2 148.89 142.20 291.09 OK
r-patched-solaris-x86 2.13.2 666.30 NOTE
r-release-linux-x86_64 2.13.2 151.29 141.44 292.73 OK
r-release-windows-ix86+x86_64 2.13.2 422.00 223.00 645.00 NOTE
r-release-osx-x86_64 2.13.2 NOTE
r-oldrel-windows-ix86+x86_64 2.13.2 269.00 228.00 497.00 NOTE
r-oldrel-osx-x86_64 2.13.2 OK

Check Details

Version: 2.13.2
Check: installed package size
Result: NOTE
     installed size is 5.9Mb
     sub-directories of 1Mb or more:
     libs 4.5Mb
Flavors: r-devel-linux-x86_64-fedora-clang, r-devel-windows-ix86+x86_64, r-patched-solaris-x86, r-release-windows-ix86+x86_64, r-release-osx-x86_64, r-oldrel-windows-ix86+x86_64