CRAN Package Check Results for Package frailtypack

Last updated on 2018-04-25 19:46:51 CEST.

Flavor Version Tinstall Tcheck Ttotal Status Flags
r-devel-linux-x86_64-debian-clang 2.12.6 138.78 140.67 279.45 OK
r-devel-linux-x86_64-debian-gcc 2.12.6 120.23 106.42 226.65 OK
r-devel-linux-x86_64-fedora-clang 2.12.6 354.73 NOTE
r-devel-linux-x86_64-fedora-gcc 2.12.6 348.64 NOTE
r-devel-windows-ix86+x86_64 2.12.6 622.00 196.00 818.00 NOTE
r-patched-linux-x86_64 2.12.6 133.56 135.97 269.53 OK
r-patched-solaris-x86 2.12.6 661.10 NOTE
r-release-linux-x86_64 2.12.6 139.80 139.69 279.49 OK
r-release-windows-ix86+x86_64 2.12.6 622.00 196.00 818.00 NOTE
r-release-osx-x86_64 2.12.6 NOTE
r-oldrel-windows-ix86+x86_64 2.12.6 270.00 173.00 443.00 OK
r-oldrel-osx-x86_64 2.12.6 OK

Check Details

Version: 2.12.6
Check: installed package size
Result: NOTE
     installed size is 5.6Mb
     sub-directories of 1Mb or more:
     libs 4.2Mb
Flavors: r-devel-linux-x86_64-fedora-clang, r-devel-linux-x86_64-fedora-gcc, r-devel-windows-ix86+x86_64, r-patched-solaris-x86, r-release-windows-ix86+x86_64, r-release-osx-x86_64