CRAN Package Check Results for Package flora

Last updated on 2019-09-20 21:46:24 CEST.

Flavor Version Tinstall Tcheck Ttotal Status Flags
r-devel-linux-x86_64-debian-clang 0.3.0 35.84 49.78 85.62 OK
r-devel-linux-x86_64-debian-gcc 0.3.0 35.57 40.51 76.08 OK
r-devel-linux-x86_64-fedora-clang 0.3.0 115.03 NOTE
r-devel-linux-x86_64-fedora-gcc 0.3.0 112.06 OK
r-devel-windows-ix86+x86_64 0.3.0 76.00 65.00 141.00 NOTE
r-patched-linux-x86_64 0.3.0 37.59 47.96 85.55 OK
r-patched-solaris-x86 0.3.0 193.40 NOTE
r-release-linux-x86_64 0.3.0 35.61 48.30 83.91 OK
r-release-windows-ix86+x86_64 0.3.0 56.00 57.00 113.00 NOTE
r-release-osx-x86_64 0.3.0 NOTE
r-oldrel-windows-ix86+x86_64 0.3.0 44.00 63.00 107.00 NOTE
r-oldrel-osx-x86_64 0.3.0 NOTE

Check Details

Version: 0.3.0
Check: installed package size
Result: NOTE
     installed size is 6.5Mb
     sub-directories of 1Mb or more:
     R 6.4Mb
Flavors: r-devel-linux-x86_64-fedora-clang, r-devel-windows-ix86+x86_64, r-patched-solaris-x86, r-release-windows-ix86+x86_64, r-release-osx-x86_64, r-oldrel-windows-ix86+x86_64, r-oldrel-osx-x86_64