CRAN Package Check Results for Package flexsurvcure

Last updated on 2019-09-17 22:48:07 CEST.

Flavor Version Tinstall Tcheck Ttotal Status Flags
r-devel-linux-x86_64-debian-clang 1.0.0 8.54 82.87 91.41 OK
r-devel-linux-x86_64-debian-gcc 1.0.0 7.00 64.14 71.14 OK
r-devel-linux-x86_64-fedora-clang 1.0.0 110.72 OK
r-devel-linux-x86_64-fedora-gcc 1.0.0 109.27 OK
r-devel-windows-ix86+x86_64 1.0.0 30.00 96.00 126.00 OK
r-patched-linux-x86_64 1.0.0 7.02 78.79 85.81 OK
r-patched-solaris-x86 1.0.0 159.30 OK
r-release-linux-x86_64 1.0.0 7.97 78.19 86.16 OK
r-release-windows-ix86+x86_64 1.0.0 20.00 99.00 119.00 ERROR
r-release-osx-x86_64 1.0.0 OK
r-oldrel-windows-ix86+x86_64 1.0.0 16.00 98.00 114.00 OK
r-oldrel-osx-x86_64 1.0.0 OK

Check Details

Version: 1.0.0
Check: whether package can be installed
Result: ERROR
    Installation failed.
Flavor: r-release-windows-ix86+x86_64