CRAN Package Check Results for Package flatr

Last updated on 2019-09-22 18:47:36 CEST.

Flavor Version Tinstall Tcheck Ttotal Status Flags
r-devel-linux-x86_64-debian-clang 0.1.1 3.46 31.70 35.16 OK
r-devel-linux-x86_64-debian-gcc 0.1.1 2.75 25.26 28.01 OK
r-devel-linux-x86_64-fedora-clang 0.1.1 43.18 OK
r-devel-linux-x86_64-fedora-gcc 0.1.1 41.66 OK
r-devel-windows-ix86+x86_64 0.1.1 18.00 49.00 67.00 OK
r-patched-linux-x86_64 0.1.1 2.75 30.99 33.74 NOTE
r-patched-solaris-x86 0.1.1 65.50 OK
r-release-linux-x86_64 0.1.1 3.10 30.93 34.03 NOTE
r-release-windows-ix86+x86_64 0.1.1 7.00 46.00 53.00 OK
r-release-osx-x86_64 0.1.1 OK
r-oldrel-windows-ix86+x86_64 0.1.1 4.00 43.00 47.00 OK
r-oldrel-osx-x86_64 0.1.1 OK

Check Details

Version: 0.1.1
Check: DESCRIPTION meta-information
Result: NOTE
    Dependence on R version ‘3.4.2’ not with patchlevel 0
Flavors: r-patched-linux-x86_64, r-release-linux-x86_64