CRAN Package Check Results for Package fclust

Last updated on 2018-10-20 09:54:56 CEST.

Flavor Version Tinstall Tcheck Ttotal Status Flags
r-devel-linux-x86_64-debian-clang 2.0 128.26 63.23 191.49 WARN
r-devel-linux-x86_64-debian-gcc 2.0 108.52 49.45 157.97 OK
r-devel-linux-x86_64-fedora-clang 2.0 276.63 WARN
r-devel-linux-x86_64-fedora-gcc 2.0 246.62 NOTE
r-devel-windows-ix86+x86_64 2.0 246.00 130.00 376.00 OK
r-patched-linux-x86_64 2.0 133.29 59.27 192.56 OK
r-patched-solaris-x86 2.0 28.30 ERROR
r-release-linux-x86_64 2.0 129.47 59.23 188.70 OK
r-release-windows-ix86+x86_64 2.0 195.00 90.00 285.00 OK
r-release-osx-x86_64 2.0 NOTE
r-oldrel-windows-ix86+x86_64 2.0 174.00 92.00 266.00 OK
r-oldrel-osx-x86_64 2.0 NOTE

Check Details

Version: 2.0
Check: whether package can be installed
Result: WARN
    Found the following significant warnings:
     FKM_rcpp.cpp:2285:11: warning: explicitly assigning value of variable of type 'arma::mat' (aka 'Mat<double>') to itself [-Wself-assign-overloaded]
     FKM_rcpp.cpp:2407:9: warning: explicitly assigning value of variable of type 'arma::mat' (aka 'Mat<double>') to itself [-Wself-assign-overloaded]
     FKM_rcpp.cpp:2525:11: warning: explicitly assigning value of variable of type 'arma::mat' (aka 'Mat<double>') to itself [-Wself-assign-overloaded]
     FKM_rcpp.cpp:2642:9: warning: explicitly assigning value of variable of type 'arma::mat' (aka 'Mat<double>') to itself [-Wself-assign-overloaded]
     FKM_rcpp.cpp:2763:11: warning: explicitly assigning value of variable of type 'arma::mat' (aka 'Mat<double>') to itself [-Wself-assign-overloaded]
     FKM_rcpp.cpp:2913:9: warning: explicitly assigning value of variable of type 'arma::mat' (aka 'Mat<double>') to itself [-Wself-assign-overloaded]
     FKM_rcpp.cpp:3068:11: warning: explicitly assigning value of variable of type 'arma::mat' (aka 'Mat<double>') to itself [-Wself-assign-overloaded]
     FKM_rcpp.cpp:3208:9: warning: explicitly assigning value of variable of type 'arma::mat' (aka 'Mat<double>') to itself [-Wself-assign-overloaded]
     distance.cpp:106:9: warning: explicitly assigning value of variable of type 'arma::mat' (aka 'Mat<double>') to itself [-Wself-assign-overloaded]
Flavors: r-devel-linux-x86_64-debian-clang, r-devel-linux-x86_64-fedora-clang

Version: 2.0
Check: installed package size
Result: NOTE
     installed size is 9.4Mb
     sub-directories of 1Mb or more:
     libs 8.7Mb
Flavors: r-devel-linux-x86_64-fedora-clang, r-release-osx-x86_64, r-oldrel-osx-x86_64

Version: 2.0
Check: dependencies in R code
Result: NOTE
    Namespace in Imports field not imported from: ‘cluster’
     All declared Imports should be used.
Flavors: r-devel-linux-x86_64-fedora-clang, r-devel-linux-x86_64-fedora-gcc, r-release-osx-x86_64, r-oldrel-osx-x86_64

Version: 2.0
Check: whether package can be installed
Result: ERROR
    Installation failed.
Flavor: r-patched-solaris-x86