CRAN Package Check Results for Package fastcluster

Last updated on 2017-12-16 22:46:25 CET.

Flavor Version Tinstall Tcheck Ttotal Status Flags
r-devel-linux-x86_64-debian-clang 1.1.24 3.92 42.93 46.85 WARN
r-devel-linux-x86_64-debian-gcc 1.1.24 3.33 36.89 40.22 WARN
r-devel-linux-x86_64-fedora-clang 1.1.24 68.20 WARN
r-devel-linux-x86_64-fedora-gcc 1.1.24 55.56 WARN
r-devel-windows-ix86+x86_64 1.1.24 19.00 103.00 122.00 OK
r-patched-linux-x86_64 1.1.24 3.62 43.64 47.26 OK
r-patched-solaris-x86 1.1.24 97.70 OK
r-release-linux-x86_64 1.1.24 3.68 40.92 44.60 OK
r-release-windows-ix86+x86_64 1.1.24 11.00 88.00 99.00 OK
r-release-osx-x86_64 1.1.24 OK
r-oldrel-windows-ix86+x86_64 1.1.24 15.00 113.00 128.00 OK
r-oldrel-osx-x86_64 1.1.24 OK

Check Details

Version: 1.1.24
Check: pragmas in C/C++ headers and code
Result: WARN
    Files which contain pragma(s) suppressing important diagnostics:
     ‘src/fastcluster.cpp’ ‘src/fastcluster_R.cpp’
     ‘src/python/fastcluster_python.cpp’
Flavors: r-devel-linux-x86_64-debian-clang, r-devel-linux-x86_64-debian-gcc, r-devel-linux-x86_64-fedora-clang, r-devel-linux-x86_64-fedora-gcc