CRAN Package Check Results for Package exprso

Last updated on 2018-07-20 15:48:17 CEST.

Flavor Version Tinstall Tcheck Ttotal Status Flags
r-devel-linux-x86_64-debian-clang 0.3.6 12.48 134.97 147.45 OK
r-devel-linux-x86_64-debian-gcc 0.3.6 10.04 108.35 118.39 OK
r-devel-linux-x86_64-fedora-clang 0.3.6 170.83 NOTE
r-devel-linux-x86_64-fedora-gcc 0.3.6 177.56 NOTE
r-devel-windows-ix86+x86_64 0.3.6 15.00 209.00 224.00 OK
r-patched-linux-x86_64 0.3.6 10.49 127.54 138.03 OK
r-patched-solaris-x86 0.3.6 211.60 NOTE
r-release-linux-x86_64 0.3.6 12.56 125.38 137.94 OK
r-release-windows-ix86+x86_64 0.3.6 23.00 193.00 216.00 OK
r-release-osx-x86_64 0.3.6 NOTE
r-oldrel-windows-ix86+x86_64 0.3.6 11.00 154.00 165.00 OK
r-oldrel-osx-x86_64 0.3.6 NOTE

Check Details

Version: 0.3.6
Check: dependencies in R code
Result: NOTE
    Namespace in Imports field not imported from: ‘gtools’
     All declared Imports should be used.
Flavors: r-devel-linux-x86_64-fedora-clang, r-devel-linux-x86_64-fedora-gcc, r-patched-solaris-x86, r-release-osx-x86_64, r-oldrel-osx-x86_64