CRAN Package Check Results for Package exprso

Last updated on 2017-12-18 01:46:36 CET.

Flavor Version Tinstall Tcheck Ttotal Status Flags
r-devel-linux-x86_64-debian-clang 0.2.7 3.28 129.00 132.28 OK
r-devel-linux-x86_64-debian-gcc OK
r-devel-linux-x86_64-fedora-clang 0.2.7 80.84 OK
r-devel-linux-x86_64-fedora-gcc 0.2.7 78.08 OK
r-devel-windows-ix86+x86_64 0.2.7 9.00 138.00 147.00 OK
r-patched-linux-x86_64 0.2.7 4.45 140.93 145.38 OK
r-patched-solaris-x86 0.2.7 172.00 OK
r-release-linux-x86_64 0.2.7 3.51 137.37 140.88 OK
r-release-windows-ix86+x86_64 0.2.7 8.00 134.00 142.00 OK
r-release-osx-x86_64 0.2.7 NOTE
r-oldrel-windows-ix86+x86_64 0.2.6 10.00 126.00 136.00 OK
r-oldrel-osx-x86_64 0.2.7 OK

Check Details

Version: 0.2.7
Check: package dependencies
Result: NOTE
    Packages suggested but not available for checking: ‘edgeR’ ‘GEOquery’
Flavor: r-release-osx-x86_64