CRAN Package Check Results for Package equivalence

Last updated on 2019-09-20 18:48:02 CEST.

Flavor Version Tinstall Tcheck Ttotal Status Flags
r-devel-linux-x86_64-debian-clang 0.7.2 6.02 45.53 51.55 OK
r-devel-linux-x86_64-debian-gcc 0.7.2 4.59 35.02 39.61 OK
r-devel-linux-x86_64-fedora-clang 0.7.2 61.27 NOTE
r-devel-linux-x86_64-fedora-gcc 0.7.2 59.24 NOTE
r-devel-windows-ix86+x86_64 0.7.2 33.00 121.00 154.00 OK
r-patched-linux-x86_64 0.7.2 5.48 43.57 49.05 OK
r-patched-solaris-x86 0.7.2 85.40 OK
r-release-linux-x86_64 0.7.2 4.86 43.24 48.10 OK
r-release-windows-ix86+x86_64 0.7.2 21.00 107.00 128.00 OK
r-release-osx-x86_64 0.7.2 OK
r-oldrel-windows-ix86+x86_64 0.7.2 15.00 76.00 91.00 OK
r-oldrel-osx-x86_64 0.7.2 OK

Check Details

Version: 0.7.2
Check: compiled code
Result: NOTE
    File ‘equivalence/libs/equivalence.so’:
     Found no calls to: ‘R_registerRoutines’, ‘R_useDynamicSymbols’
    
    It is good practice to register native routines and to disable symbol
    search.
    
    See ‘Writing portable packages’ in the ‘Writing R Extensions’ manual.
Flavors: r-devel-linux-x86_64-fedora-clang, r-devel-linux-x86_64-fedora-gcc