CRAN Package Check Results for Package emuR

Last updated on 2019-01-22 06:46:51 CET.

Flavor Version Tinstall Tcheck Ttotal Status Flags
r-devel-linux-x86_64-debian-clang 1.1.1 18.26 274.18 292.44 OK
r-devel-linux-x86_64-debian-gcc 1.1.1 14.68 202.86 217.54 OK
r-devel-linux-x86_64-fedora-clang 1.1.1 351.90 OK
r-devel-linux-x86_64-fedora-gcc 1.1.1 318.71 OK
r-devel-windows-ix86+x86_64 1.1.1 34.00 367.00 401.00 OK
r-patched-linux-x86_64 1.1.1 16.39 256.67 273.06 OK
r-patched-solaris-x86 1.1.1 412.30 NOTE
r-release-linux-x86_64 1.1.1 15.97 255.87 271.84 OK
r-release-windows-ix86+x86_64 1.1.1 38.00 445.00 483.00 OK
r-release-osx-x86_64 1.1.1 OK
r-oldrel-windows-ix86+x86_64 1.1.1 23.00 290.00 313.00 OK
r-oldrel-osx-x86_64 1.1.1 OK

Check Details

Version: 1.1.1
Check: installed package size
Result: NOTE
     installed size is 5.3Mb
     sub-directories of 1Mb or more:
     doc 1.4Mb
     extdata 1.5Mb
Flavor: r-patched-solaris-x86