CRAN Package Check Results for Package effectFusion

Last updated on 2018-07-21 14:47:24 CEST.

Flavor Version Tinstall Tcheck Ttotal Status Flags
r-devel-linux-x86_64-debian-clang 1.0 2.19 26.59 28.78 OK
r-devel-linux-x86_64-debian-gcc 1.0 2.27 21.45 23.72 OK
r-devel-linux-x86_64-fedora-clang 1.0 33.69 OK
r-devel-linux-x86_64-fedora-gcc 1.0 32.59 OK
r-devel-windows-ix86+x86_64 1.0 6.00 39.00 45.00 OK
r-patched-linux-x86_64 1.0 NOTE
r-patched-solaris-x86 1.0 49.20 OK
r-release-linux-x86_64 1.0 3.33 25.38 28.71 NOTE
r-release-windows-ix86+x86_64 1.0 7.00 34.00 41.00 OK
r-release-osx-x86_64 1.0 OK
r-oldrel-windows-ix86+x86_64 1.0 3.00 49.00 52.00 OK
r-oldrel-osx-x86_64 1.0 OK

Check Details

Version: 1.0
Check: DESCRIPTION meta-information
Result: NOTE
    Dependence on R version ‘3.3.1’ not with patchlevel 0
Flavors: r-patched-linux-x86_64, r-release-linux-x86_64