CRAN Package Check Results for Package effectFusion

Last updated on 2018-10-20 10:48:39 CEST.

Flavor Version Tinstall Tcheck Ttotal Status Flags
r-devel-linux-x86_64-debian-clang 1.0 2.10 27.10 29.20 OK
r-devel-linux-x86_64-debian-gcc 1.0 2.20 22.80 25.00 OK
r-devel-linux-x86_64-fedora-clang 1.0 35.35 OK
r-devel-linux-x86_64-fedora-gcc 1.0 35.81 OK
r-devel-windows-ix86+x86_64 1.0 7.00 50.00 57.00 OK
r-patched-linux-x86_64 1.0 2.47 25.03 27.50 NOTE
r-patched-solaris-x86 1.0 49.20 OK
r-release-linux-x86_64 1.0 2.39 24.95 27.34 NOTE
r-release-windows-ix86+x86_64 1.0 6.00 51.00 57.00 OK
r-release-osx-x86_64 1.0 OK
r-oldrel-windows-ix86+x86_64 1.0 2.00 43.00 45.00 OK
r-oldrel-osx-x86_64 1.0 OK

Check Details

Version: 1.0
Check: DESCRIPTION meta-information
Result: NOTE
    Dependence on R version ‘3.3.1’ not with patchlevel 0
Flavors: r-patched-linux-x86_64, r-release-linux-x86_64