CRAN Package Check Results for Package edci

Last updated on 2017-12-12 10:52:29 CET.

Flavor Version Tinstall Tcheck Ttotal Status Flags
r-devel-linux-x86_64-debian-clang 1.1-2 2.15 20.25 22.40 NOTE
r-devel-linux-x86_64-debian-gcc 1.1-2 1.95 15.85 17.80 NOTE
r-devel-linux-x86_64-fedora-clang 1.1-2 25.66 NOTE
r-devel-linux-x86_64-fedora-gcc 1.1-2 24.54 NOTE
r-devel-windows-ix86+x86_64 1.1-2 10.00 36.00 46.00 OK
r-patched-linux-x86_64 1.1-2 2.15 19.68 21.83 NOTE
r-patched-solaris-x86 1.1-2 38.00 OK
r-release-linux-x86_64 1.1-2 2.22 20.07 22.29 NOTE
r-release-windows-ix86+x86_64 1.1-2 8.00 39.00 47.00 OK
r-release-osx-x86_64 1.1-2 OK
r-oldrel-windows-ix86+x86_64 1.1-2 7.00 33.00 40.00 OK
r-oldrel-osx-x86_64 1.1-2 OK

Check Details

Version: 1.1-2
Check: compiled code
Result: NOTE
    File ‘edci/libs/edci.so’:
     Found no calls to: ‘R_registerRoutines’, ‘R_useDynamicSymbols’
    
    It is good practice to register native routines and to disable symbol
    search.
    
    See ‘Writing portable packages’ in the ‘Writing R Extensions’ manual.
Flavors: r-devel-linux-x86_64-debian-clang, r-devel-linux-x86_64-debian-gcc, r-devel-linux-x86_64-fedora-clang, r-devel-linux-x86_64-fedora-gcc, r-patched-linux-x86_64, r-release-linux-x86_64