CRAN Package Check Results for Package eclust

Last updated on 2018-07-20 15:48:16 CEST.

Flavor Version Tinstall Tcheck Ttotal Status Flags
r-devel-linux-x86_64-debian-clang 0.1.0 5.43 249.00 254.43 OK
r-devel-linux-x86_64-debian-gcc 0.1.0 5.04 156.83 161.87 OK
r-devel-linux-x86_64-fedora-clang 0.1.0 300.55 NOTE
r-devel-linux-x86_64-fedora-gcc 0.1.0 272.47 NOTE
r-devel-windows-ix86+x86_64 0.1.0 9.00 327.00 336.00 OK
r-patched-linux-x86_64 0.1.0 6.37 212.71 219.08 NOTE
r-patched-solaris-x86 0.1.0 512.90 NOTE
r-release-linux-x86_64 0.1.0 4.72 207.96 212.68 NOTE
r-release-windows-ix86+x86_64 0.1.0 15.00 313.00 328.00 OK
r-release-osx-x86_64 0.1.0 NOTE
r-oldrel-windows-ix86+x86_64 0.1.0 11.00 267.00 278.00 OK
r-oldrel-osx-x86_64 0.1.0 ERROR

Check Details

Version: 0.1.0
Check: dependencies in R code
Result: NOTE
    Namespace in Imports field not imported from: ‘pander’
     All declared Imports should be used.
Flavors: r-devel-linux-x86_64-fedora-clang, r-devel-linux-x86_64-fedora-gcc, r-patched-solaris-x86, r-release-osx-x86_64

Version: 0.1.0
Check: DESCRIPTION meta-information
Result: NOTE
    Dependence on R version ‘3.3.1’ not with patchlevel 0
Flavors: r-patched-linux-x86_64, r-release-linux-x86_64

Version: 0.1.0
Check: package dependencies
Result: ERROR
    Package required but not available: ‘WGCNA’
    
    See section ‘The DESCRIPTION file’ in the ‘Writing R Extensions’
    manual.
Flavor: r-oldrel-osx-x86_64