CRAN Package Check Results for Package eclust

Last updated on 2017-12-18 18:47:10 CET.

Flavor Version Tinstall Tcheck Ttotal Status Flags
r-devel-linux-x86_64-debian-clang 0.1.0 2.89 212.02 214.91 OK
r-devel-linux-x86_64-debian-gcc 0.1.0 2.52 162.46 164.98 OK
r-devel-linux-x86_64-fedora-clang 0.1.0 296.46 NOTE
r-devel-linux-x86_64-fedora-gcc 0.1.0 263.32 NOTE
r-devel-windows-ix86+x86_64 0.1.0 7.00 227.00 234.00 OK
r-patched-linux-x86_64 0.1.0 3.09 231.82 234.91 OK
r-patched-solaris-x86 0.1.0 473.20 NOTE
r-release-linux-x86_64 0.1.0 2.95 231.33 234.28 OK
r-release-windows-ix86+x86_64 0.1.0 7.00 280.00 287.00 OK
r-release-osx-x86_64 0.1.0 ERROR
r-oldrel-windows-ix86+x86_64 0.1.0 7.00 283.00 290.00 OK
r-oldrel-osx-x86_64 0.1.0 NOTE

Check Details

Version: 0.1.0
Check: DESCRIPTION meta-information
Result: NOTE
    Dependence on R version ‘3.3.1’ not with patchlevel 0
Flavors: r-devel-linux-x86_64-fedora-clang, r-devel-linux-x86_64-fedora-gcc

Version: 0.1.0
Check: dependencies in R code
Result: NOTE
    Namespace in Imports field not imported from: ‘pander’
     All declared Imports should be used.
Flavors: r-devel-linux-x86_64-fedora-clang, r-devel-linux-x86_64-fedora-gcc, r-patched-solaris-x86, r-oldrel-osx-x86_64

Version: 0.1.0
Check: package dependencies
Result: ERROR
    Package required but not available: ‘WGCNA’
    
    Package suggested but not available for checking: ‘ComplexHeatmap’
    
    See section ‘The DESCRIPTION file’ in the ‘Writing R Extensions’
    manual.
Flavor: r-release-osx-x86_64