CRAN Package Check Results for Package eclust

Last updated on 2018-10-18 23:48:20 CEST.

Flavor Version Tinstall Tcheck Ttotal Status Flags
r-devel-linux-x86_64-debian-clang 0.1.0 5.13 245.26 250.39 OK
r-devel-linux-x86_64-debian-gcc 0.1.0 4.28 155.78 160.06 OK
r-devel-linux-x86_64-fedora-clang 0.1.0 308.25 NOTE
r-devel-linux-x86_64-fedora-gcc 0.1.0 274.05 NOTE
r-devel-windows-ix86+x86_64 0.1.0 13.00 310.00 323.00 OK
r-patched-linux-x86_64 0.1.0 5.11 201.06 206.17 NOTE
r-patched-solaris-x86 0.1.0 498.70 NOTE
r-release-linux-x86_64 0.1.0 4.74 212.77 217.51 NOTE
r-release-windows-ix86+x86_64 0.1.0 12.00 308.00 320.00 OK
r-release-osx-x86_64 0.1.0 NOTE
r-oldrel-windows-ix86+x86_64 0.1.0 7.00 351.00 358.00 OK
r-oldrel-osx-x86_64 0.1.0 ERROR

Check Details

Version: 0.1.0
Check: dependencies in R code
Result: NOTE
    Namespace in Imports field not imported from: ‘pander’
     All declared Imports should be used.
Flavors: r-devel-linux-x86_64-fedora-clang, r-devel-linux-x86_64-fedora-gcc, r-patched-solaris-x86, r-release-osx-x86_64

Version: 0.1.0
Check: DESCRIPTION meta-information
Result: NOTE
    Dependence on R version ‘3.3.1’ not with patchlevel 0
Flavors: r-patched-linux-x86_64, r-release-linux-x86_64

Version: 0.1.0
Check: package dependencies
Result: ERROR
    Package required but not available: ‘WGCNA’
    
    See section ‘The DESCRIPTION file’ in the ‘Writing R Extensions’
    manual.
Flavor: r-oldrel-osx-x86_64