CRAN Package Check Results for Package ecipex

Last updated on 2019-10-20 20:48:21 CEST.

Flavor Version Tinstall Tcheck Ttotal Status Flags
r-devel-linux-x86_64-debian-clang 1.0 1.96 18.45 20.41 NOTE
r-devel-linux-x86_64-debian-gcc 1.0 1.47 15.47 16.94 NOTE
r-devel-linux-x86_64-fedora-clang 1.0 25.54 NOTE
r-devel-linux-x86_64-fedora-gcc 1.0 24.95 NOTE
r-devel-windows-ix86+x86_64 1.0 6.00 33.00 39.00 NOTE
r-patched-linux-x86_64 1.0 1.62 18.39 20.01 NOTE
r-patched-solaris-x86 1.0 39.00 NOTE
r-release-linux-x86_64 1.0 1.45 18.41 19.86 NOTE
r-release-windows-ix86+x86_64 1.0 7.00 34.00 41.00 NOTE
r-release-osx-x86_64 1.0 NOTE
r-oldrel-windows-ix86+x86_64 1.0 2.00 32.00 34.00 NOTE
r-oldrel-osx-x86_64 1.0 NOTE

Check Details

Version: 1.0
Check: R code for possible problems
Result: NOTE
    ecipex: no visible binding for global variable 'nistiso'
    ecipex : <anonymous>: no visible global function definition for 'nextn'
    ecipex : <anonymous>: no visible global function definition for 'fft'
    ecipex : <anonymous> : <anonymous>: no visible global function
     definition for 'fft'
    Undefined global functions or variables:
     fft nextn nistiso
    Consider adding
     importFrom("stats", "fft", "nextn")
    to your NAMESPACE file.
Flavors: r-devel-linux-x86_64-debian-clang, r-devel-linux-x86_64-debian-gcc, r-devel-linux-x86_64-fedora-clang, r-devel-linux-x86_64-fedora-gcc, r-devel-windows-ix86+x86_64, r-patched-linux-x86_64, r-patched-solaris-x86, r-release-linux-x86_64, r-release-windows-ix86+x86_64, r-release-osx-x86_64, r-oldrel-windows-ix86+x86_64, r-oldrel-osx-x86_64