CRAN Package Check Results for Package earthtones

Last updated on 2018-02-18 01:46:27 CET.

Flavor Version Tinstall Tcheck Ttotal Status Flags
r-devel-linux-x86_64-debian-clang 0.1.0 1.15 145.62 146.77 OK
r-devel-linux-x86_64-debian-gcc 0.1.0 0.66 48.53 49.19 ERROR
r-devel-linux-x86_64-fedora-clang 0.1.0 131.73 OK
r-devel-linux-x86_64-fedora-gcc 0.1.0 171.40 OK
r-devel-windows-ix86+x86_64 0.1.0 3.00 139.00 142.00 OK
r-patched-linux-x86_64 0.1.0 1.00 80.28 81.28 ERROR
r-patched-solaris-x86 0.1.0 468.60 OK
r-release-linux-x86_64 0.1.0 1.10 143.09 144.19 OK
r-release-windows-ix86+x86_64 0.1.0 4.00 83.00 87.00 WARN
r-release-osx-x86_64 0.1.0 OK
r-oldrel-windows-ix86+x86_64 0.1.0 3.00 180.00 183.00 OK
r-oldrel-osx-x86_64 0.1.0 OK

Check Details

Version: 0.1.0
Check: tests
Result: ERROR
     Running ‘testthat.R’ [5s/10s]
    Running the tests in ‘tests/testthat.R’ failed.
    Complete output:
     > library(testthat)
     > library(earthtones)
     >
     > test_check("earthtones")
     ── 1. Error: returns normal (@test-earth.R#7) ─────────────────────────────────
     cannot open URL 'http://maps.googleapis.com/maps/api/staticmap?center=50.759,-125.673&zoom=11&size=640x640&scale=2&maptype=satellite&language=en-EN&sensor=false'
     1: expect_null(print(get_earthtones())) at testthat/test-earth.R:7
     2: quasi_label(enquo(object), label)
     3: eval_bare(get_expr(quo), get_env(quo))
     4: print(get_earthtones())
     5: get_earthtones()
     6: ggmap::get_map(location = c(longitude, latitude), maptype = "satellite", zoom = zoom,
     ...)
     7: get_googlemap(center = location, zoom = zoom, maptype = maptype, scale = scale, messaging = messaging,
     urlonly = urlonly, force = force, filename = filename, color = color, language = language)
     8: download.file(url, destfile = tmp, quiet = !messaging, mode = "wb")
    
     ══ testthat results ═══════════════════════════════════════════════════════════
     OK: 5 SKIPPED: 0 FAILED: 1
     1. Error: returns normal (@test-earth.R#7)
    
     Error: testthat unit tests failed
     Execution halted
Flavor: r-devel-linux-x86_64-debian-gcc

Version: 0.1.0
Check: re-building of vignette outputs
Result: WARN
    Error in re-building vignettes:
     ...
    Map from URL : http://maps.googleapis.com/maps/api/staticmap?center=36.094994,-111.837962&zoom=12&size=640x640&scale=2&maptype=satellite&language=en-EN&sensor=false
    Map from URL : http://maps.googleapis.com/maps/api/staticmap?center=24.2,-77.88&zoom=11&size=640x640&scale=2&maptype=satellite&language=en-EN&sensor=false
    Map from URL : http://maps.googleapis.com/maps/api/staticmap?center=37.89,-122.28&zoom=11&size=640x640&scale=2&maptype=satellite&language=en-EN&sensor=false
    Quitting from lines 49-50 (earthtones.rmd)
    Error: processing vignette ‘earthtones.rmd’ failed with diagnostics:
    cannot open URL ‘http://maps.googleapis.com/maps/api/staticmap?center=37.81391,-122.478289&zoom=19&size=640x640&scale=2&maptype=satellite&language=en-EN&sensor=false’
    Execution halted
Flavor: r-devel-linux-x86_64-debian-gcc

Version: 0.1.0
Check: tests
Result: ERROR
     Running ‘testthat.R’ [2s/3s]
    Running the tests in ‘tests/testthat.R’ failed.
    Complete output:
     > library(testthat)
     > library(earthtones)
     >
     > test_check("earthtones")
     ── 1. Error: returns normal (@test-earth.R#5) ─────────────────────────────────
     cannot open URL 'http://maps.googleapis.com/maps/api/staticmap?center=50.759,-125.673&zoom=11&size=640x640&scale=2&maptype=satellite&language=en-EN&sensor=false'
     1: expect_is(get_earthtones(), "palette") at testthat/test-earth.R:5
     2: quasi_label(enquo(object), label)
     3: eval_bare(get_expr(quo), get_env(quo))
     4: get_earthtones()
     5: ggmap::get_map(location = c(longitude, latitude), maptype = "satellite", zoom = zoom,
     ...)
     6: get_googlemap(center = location, zoom = zoom, maptype = maptype, scale = scale, messaging = messaging,
     urlonly = urlonly, force = force, filename = filename, color = color, language = language)
     7: download.file(url, destfile = tmp, quiet = !messaging, mode = "wb")
    
     ══ testthat results ═══════════════════════════════════════════════════════════
     OK: 3 SKIPPED: 0 FAILED: 1
     1. Error: returns normal (@test-earth.R#5)
    
     Error: testthat unit tests failed
     Execution halted
Flavor: r-patched-linux-x86_64

Version: 0.1.0
Check: re-building of vignette outputs
Result: WARN
    Error in re-building vignettes:
     ...
    Map from URL : http://maps.googleapis.com/maps/api/staticmap?center=36.094994,-111.837962&zoom=12&size=640x640&scale=2&maptype=satellite&language=en-EN&sensor=false
    Map from URL : http://maps.googleapis.com/maps/api/staticmap?center=24.2,-77.88&zoom=11&size=640x640&scale=2&maptype=satellite&language=en-EN&sensor=false
    Map from URL : http://maps.googleapis.com/maps/api/staticmap?center=37.89,-122.28&zoom=11&size=640x640&scale=2&maptype=satellite&language=en-EN&sensor=false
    Map from URL : http://maps.googleapis.com/maps/api/staticmap?center=37.81391,-122.478289&zoom=19&size=640x640&scale=2&maptype=satellite&language=en-EN&sensor=false
    Quitting from lines 55-56 (earthtones.rmd)
    Error: processing vignette ‘earthtones.rmd’ failed with diagnostics:
    cannot open URL ‘http://maps.googleapis.com/maps/api/staticmap?center=-33.857077,151.214722&zoom=17&size=640x640&scale=2&maptype=satellite&language=en-EN&sensor=false’
    Execution halted
Flavor: r-patched-linux-x86_64

Version: 0.1.0
Check: re-building of vignette outputs
Result: WARN
    Error in re-building vignettes:
     ...
    Map from URL : http://maps.googleapis.com/maps/api/staticmap?center=36.094994,-111.837962&zoom=12&size=640x640&scale=2&maptype=satellite&language=en-EN&sensor=false
    Quitting from lines 35-36 (earthtones.rmd)
    Error: processing vignette 'earthtones.rmd' failed with diagnostics:
    cannot open URL 'http://maps.googleapis.com/maps/api/staticmap?center=24.2,-77.88&zoom=11&size=640x640&scale=2&maptype=satellite&language=en-EN&sensor=false'
    Execution halted
Flavor: r-release-windows-ix86+x86_64