CRAN Package Check Results for Package earthtones

Last updated on 2017-12-13 19:48:05 CET.

Flavor Version Tinstall Tcheck Ttotal Status Flags
r-devel-linux-x86_64-debian-clang 0.1.0 0.71 188.31 189.02 OK
r-devel-linux-x86_64-debian-gcc 0.1.0 0.81 137.02 137.83 OK
r-devel-linux-x86_64-fedora-clang 0.1.0 225.66 OK
r-devel-linux-x86_64-fedora-gcc 0.1.0 214.33 OK
r-devel-windows-ix86+x86_64 0.1.0 4.00 239.00 243.00 OK
r-patched-linux-x86_64 0.1.0 0.74 151.21 151.95 ERROR
r-patched-solaris-x86 0.1.0 674.20 OK
r-release-linux-x86_64 0.1.0 1.08 188.85 189.93 OK
r-release-windows-ix86+x86_64 0.1.0 3.00 118.00 121.00 WARN
r-release-osx-x86_64 0.1.0 OK
r-oldrel-windows-ix86+x86_64 0.1.0 2.00 226.00 228.00 OK
r-oldrel-osx-x86_64 0.1.0 OK

Check Details

Version: 0.1.0
Check: tests
Result: ERROR
     Running ‘testthat.R’ [7s/12s]
    Running the tests in ‘tests/testthat.R’ failed.
    Complete output:
     > library(testthat)
     > library(earthtones)
     >
     > test_check("earthtones")
     1. Error: returns normal (@test-earth.R#7) -------------------------------------
     cannot open URL 'http://maps.googleapis.com/maps/api/staticmap?center=50.759,-125.673&zoom=11&size=640x640&scale=2&maptype=satellite&language=en-EN&sensor=false'
     1: expect_null(print(get_earthtones())) at testthat/test-earth.R:7
     2: expect(is.null(object), sprintf("%s is not null.", lab), info = info)
     3: as.expectation(exp, ..., srcref = srcref)
     4: print(get_earthtones())
     5: get_earthtones()
     6: ggmap::get_map(location = c(longitude, latitude), maptype = "satellite", zoom = zoom,
     ...)
     7: get_googlemap(center = location, zoom = zoom, maptype = maptype, scale = scale, messaging = messaging,
     urlonly = urlonly, force = force, filename = filename, color = color, language = language)
     8: download.file(url, destfile = tmp, quiet = !messaging, mode = "wb")
    
     testthat results ================================================================
     OK: 5 SKIPPED: 0 FAILED: 1
     1. Error: returns normal (@test-earth.R#7)
    
     Error: testthat unit tests failed
     Execution halted
Flavor: r-patched-linux-x86_64

Version: 0.1.0
Check: re-building of vignette outputs
Result: WARN
    Error in re-building vignettes:
     ...
    Map from URL : http://maps.googleapis.com/maps/api/staticmap?center=36.094994,-111.837962&zoom=12&size=640x640&scale=2&maptype=satellite&language=en-EN&sensor=false
    Map from URL : http://maps.googleapis.com/maps/api/staticmap?center=24.2,-77.88&zoom=11&size=640x640&scale=2&maptype=satellite&language=en-EN&sensor=false
    Map from URL : http://maps.googleapis.com/maps/api/staticmap?center=37.89,-122.28&zoom=11&size=640x640&scale=2&maptype=satellite&language=en-EN&sensor=false
    Map from URL : http://maps.googleapis.com/maps/api/staticmap?center=37.81391,-122.478289&zoom=19&size=640x640&scale=2&maptype=satellite&language=en-EN&sensor=false
    Map from URL : http://maps.googleapis.com/maps/api/staticmap?center=-33.857077,151.214722&zoom=17&size=640x640&scale=2&maptype=satellite&language=en-EN&sensor=false
    Loading required package: ggplot2
    Map from URL : http://maps.googleapis.com/maps/api/staticmap?center=24.2,-77.88&zoom=11&size=640x640&scale=2&maptype=satellite&language=en-EN&sensor=false
    Quitting from lines 74-84 (earthtones.rmd)
    Error: processing vignette ‘earthtones.rmd’ failed with diagnostics:
    cannot open URL ‘http://maps.googleapis.com/maps/api/staticmap?center=48.7709,-64.660939&zoom=9&size=640x640&scale=2&maptype=satellite&language=en-EN&sensor=false’
    Execution halted
Flavor: r-patched-linux-x86_64

Version: 0.1.0
Check: re-building of vignette outputs
Result: WARN
    Error in re-building vignettes:
     ...
    Map from URL : http://maps.googleapis.com/maps/api/staticmap?center=36.094994,-111.837962&zoom=12&size=640x640&scale=2&maptype=satellite&language=en-EN&sensor=false
    Map from URL : http://maps.googleapis.com/maps/api/staticmap?center=24.2,-77.88&zoom=11&size=640x640&scale=2&maptype=satellite&language=en-EN&sensor=false
    Map from URL : http://maps.googleapis.com/maps/api/staticmap?center=37.89,-122.28&zoom=11&size=640x640&scale=2&maptype=satellite&language=en-EN&sensor=false
    Quitting from lines 49-50 (earthtones.rmd)
    Error: processing vignette 'earthtones.rmd' failed with diagnostics:
    cannot open URL 'http://maps.googleapis.com/maps/api/staticmap?center=37.81391,-122.478289&zoom=19&size=640x640&scale=2&maptype=satellite&language=en-EN&sensor=false'
    Execution halted
Flavor: r-release-windows-ix86+x86_64