CRAN Package Check Results for Package e1071

Last updated on 2017-12-13 16:48:08 CET.

Flavor Version Tinstall Tcheck Ttotal Status Flags
r-devel-linux-x86_64-debian-clang 1.6-8 6.10 52.31 58.41 OK
r-devel-linux-x86_64-debian-gcc 1.6-8 5.18 40.45 45.63 OK
r-devel-linux-x86_64-fedora-clang 1.6-8 67.71 OK
r-devel-linux-x86_64-fedora-gcc 1.6-8 66.67 OK
r-devel-windows-ix86+x86_64 1.6-8 28.00 87.00 115.00 OK
r-patched-linux-x86_64 1.6-8 6.37 51.65 58.02 OK
r-patched-solaris-x86 1.6-8 89.40 OK
r-release-linux-x86_64 1.6-8 5.88 51.26 57.14 OK
r-release-windows-ix86+x86_64 1.6-8 15.00 88.00 103.00 OK
r-release-osx-x86_64 1.6-8 NOTE
r-oldrel-windows-ix86+x86_64 1.6-8 25.00 108.00 133.00 OK
r-oldrel-osx-x86_64 1.6-8 OK

Additional issues

clang-UBSAN

Check Details

Version: 1.6-8
Check: re-building of vignette outputs
Result: NOTE
    Error in re-building vignettes:
     ...
    Error in texi2dvi(file = file, pdf = TRUE, clean = clean, quiet = quiet, :
     Running 'texi2dvi' on 'svminternals.tex' failed.
    LaTeX errors:
    ! LaTeX Error: File `a4wide.sty' not found.
    
    Type X to quit or <RETURN> to proceed,
    or enter new name. (Default extension: sty)
    
    ! Emergency stop.
    <read *>
    
    l.3 \usepackage
     {Sweave}^^M
    ! ==> Fatal error occurred, no output PDF file produced!
    Calls: buildVignettes -> texi2pdf -> texi2dvi
    Execution halted
Flavor: r-release-osx-x86_64