CRAN Package Check Results for Package dwapi

Last updated on 2019-01-22 06:46:50 CET.

Flavor Version Tinstall Tcheck Ttotal Status Flags
r-devel-linux-x86_64-debian-clang 0.1.3.1 2.35 36.44 38.79 OK
r-devel-linux-x86_64-debian-gcc 0.1.3.1 2.85 28.24 31.09 OK
r-devel-linux-x86_64-fedora-clang 0.1.3.1 46.91 NOTE
r-devel-linux-x86_64-fedora-gcc 0.1.3.1 44.60 NOTE
r-devel-windows-ix86+x86_64 0.1.3.1 8.00 78.00 86.00 OK
r-patched-linux-x86_64 0.1.3.1 3.13 39.70 42.83 OK
r-patched-solaris-x86 0.1.3.1 65.70 NOTE
r-release-linux-x86_64 0.1.3.1 3.09 39.64 42.73 OK
r-release-windows-ix86+x86_64 0.1.3.1 9.00 77.00 86.00 OK
r-release-osx-x86_64 0.1.3.1 NOTE
r-oldrel-windows-ix86+x86_64 0.1.3.1 10.00 55.00 65.00 OK
r-oldrel-osx-x86_64 0.1.3.1 NOTE

Check Details

Version: 0.1.3.1
Check: dependencies in R code
Result: NOTE
    Namespace in Imports field not imported from: ‘xml2’
     All declared Imports should be used.
Flavors: r-devel-linux-x86_64-fedora-clang, r-devel-linux-x86_64-fedora-gcc, r-patched-solaris-x86, r-release-osx-x86_64, r-oldrel-osx-x86_64